CRAN Package Check Results for Package MRTSampleSizeBinary

Last updated on 2021-08-04 09:55:00 CEST.

Flavor Version Tinstall Tcheck Ttotal Status Flags
r-devel-linux-x86_64-debian-clang 0.1.0 10.38 95.51 105.89 OK
r-devel-linux-x86_64-debian-gcc 0.1.0 6.95 69.77 76.72 OK
r-devel-linux-x86_64-fedora-clang 0.1.0 132.69 NOTE
r-devel-linux-x86_64-fedora-gcc 0.1.0 119.48 NOTE
r-devel-windows-x86_64 0.1.0 11.00 117.00 128.00 OK
r-devel-windows-x86_64-gcc10-UCRT 0.1.0 NOTE
r-patched-linux-x86_64 0.1.0 9.56 87.97 97.53 OK
r-patched-solaris-x86 0.1.0 170.50 NOTE
r-release-linux-x86_64 0.1.0 10.10 88.35 98.45 OK
r-release-macos-arm64 0.1.0 WARN
r-release-macos-x86_64 0.1.0 NOTE
r-release-windows-ix86+x86_64 0.1.0 24.00 113.00 137.00 OK
r-oldrel-macos-x86_64 0.1.0 NOTE
r-oldrel-windows-ix86+x86_64 0.1.0 18.00 115.00 133.00 OK

Check Details

Version: 0.1.0
Check: dependencies in R code
Result: NOTE
    Namespace in Imports field not imported from: ‘dplyr’
     All declared Imports should be used.
Flavors: r-devel-linux-x86_64-fedora-clang, r-devel-linux-x86_64-fedora-gcc, r-devel-windows-x86_64-gcc10-UCRT, r-patched-solaris-x86, r-release-macos-arm64, r-release-macos-x86_64, r-oldrel-macos-x86_64

Version: 0.1.0
Check: re-building of vignette outputs
Result: WARN
    Error(s) in re-building vignettes:
     ...
    --- re-building ‘sample-size-calcualtor-for-mrt.Rmd’ using rmarkdown
    Warning in engine$weave(file, quiet = quiet, encoding = enc) :
     Pandoc (>= 1.12.3) not available. Falling back to R Markdown v1.
    Quitting from lines 193-198 (sample-size-calcualtor-for-mrt.Rmd)
    Error: processing vignette 'sample-size-calcualtor-for-mrt.Rmd' failed with diagnostics:
    polygon edge not found
    --- failed re-building ‘sample-size-calcualtor-for-mrt.Rmd’
    
    SUMMARY: processing the following file failed:
     ‘sample-size-calcualtor-for-mrt.Rmd’
    
    Error: Vignette re-building failed.
    Execution halted
Flavor: r-release-macos-arm64