CRAN Package Check Results for Package MODIStsp

Last updated on 2021-10-23 10:56:59 CEST.

Flavor Version Tinstall Tcheck Ttotal Status Flags
r-devel-linux-x86_64-debian-clang 2.0.6 29.86 264.61 294.47 OK
r-devel-linux-x86_64-debian-gcc 2.0.6 23.66 195.54 219.20 OK
r-devel-linux-x86_64-fedora-clang 2.0.6 353.52 OK
r-devel-linux-x86_64-fedora-gcc 2.0.6 345.10 OK
r-devel-windows-x86_64 2.0.6 46.00 297.00 343.00 OK
r-devel-windows-x86_64-gcc10-UCRT 2.0.6 OK
r-patched-linux-x86_64 2.0.6 23.41 251.15 274.56 OK
r-patched-solaris-x86 2.0.6 407.30 NOTE
r-release-linux-x86_64 2.0.6 23.60 253.76 277.36 OK
r-release-macos-arm64 2.0.6 OK
r-release-macos-x86_64 2.0.6 OK
r-release-windows-ix86+x86_64 2.0.6 47.00 299.00 346.00 OK
r-oldrel-macos-x86_64 2.0.6 OK
r-oldrel-windows-ix86+x86_64 2.0.6 36.00 158.00 194.00 OK

Check Details

Version: 2.0.6
Check: package dependencies
Result: NOTE
    Package suggested but not available for checking: ‘geojsonlint’
Flavor: r-patched-solaris-x86