CRAN Package Check Results for Package MCMCtreeR

Last updated on 2021-10-19 09:54:18 CEST.

Flavor Version Tinstall Tcheck Ttotal Status Flags
r-devel-linux-x86_64-debian-clang 1.1 7.26 88.30 95.56 OK
r-devel-linux-x86_64-debian-gcc 1.1 5.57 64.89 70.46 OK
r-devel-linux-x86_64-fedora-clang 1.1 124.65 NOTE
r-devel-linux-x86_64-fedora-gcc 1.1 118.01 OK
r-devel-windows-x86_64 1.1 12.00 144.00 156.00 NOTE
r-devel-windows-x86_64-gcc10-UCRT 1.1 OK
r-patched-linux-x86_64 1.1 6.25 76.18 82.43 OK
r-patched-solaris-x86 1.1 137.20 NOTE
r-release-linux-x86_64 1.1 6.87 76.95 83.82 OK
r-release-macos-arm64 1.1 NOTE
r-release-macos-x86_64 1.1 NOTE
r-release-windows-ix86+x86_64 1.1 10.00 122.00 132.00 NOTE
r-oldrel-macos-x86_64 1.1 NOTE
r-oldrel-windows-ix86+x86_64 1.1 15.00 123.00 138.00 NOTE

Check Details

Version: 1.1
Check: installed package size
Result: NOTE
     installed size is 7.4Mb
     sub-directories of 1Mb or more:
     doc 6.8Mb
Flavors: r-devel-linux-x86_64-fedora-clang, r-devel-windows-x86_64, r-patched-solaris-x86, r-release-macos-arm64, r-release-macos-x86_64, r-release-windows-ix86+x86_64, r-oldrel-macos-x86_64, r-oldrel-windows-ix86+x86_64