CRAN Package Check Results for Package MBHdesign

Last updated on 2021-10-20 09:55:14 CEST.

Flavor Version Tinstall Tcheck Ttotal Status Flags
r-devel-linux-x86_64-debian-clang 2.1.9 8.35 78.81 87.16 WARN
r-devel-linux-x86_64-debian-gcc 2.1.9 6.96 61.23 68.19 WARN
r-devel-linux-x86_64-fedora-clang 2.1.9 120.24 WARN
r-devel-linux-x86_64-fedora-gcc 2.1.9 108.92 WARN
r-devel-windows-x86_64 2.1.9 14.00 713.00 727.00 OK
r-devel-windows-x86_64-gcc10-UCRT 2.1.9 OK
r-patched-linux-x86_64 2.1.9 8.76 114.98 123.74 OK
r-patched-solaris-x86 2.1.9 163.50 WARN
r-release-linux-x86_64 2.1.9 7.46 116.18 123.64 OK
r-release-macos-arm64 2.1.9 OK
r-release-macos-x86_64 2.1.9 OK
r-release-windows-ix86+x86_64 2.1.9 15.00 662.00 677.00 OK
r-oldrel-macos-x86_64 2.1.9 OK
r-oldrel-windows-ix86+x86_64 2.1.9 20.00 649.00 669.00 OK

Check Details

Version: 2.1.9
Check: re-building of vignette outputs
Result: WARN
    Error(s) in re-building vignettes:
     ...
    --- re-building 'MBHdesign.Rnw' using knitr
    Loading required package: sf
    Linking to GEOS 3.9.1, GDAL 3.3.2, PROJ 7.2.1
    Loading required package: survey
    Loading required package: grid
    Loading required package: Matrix
    Loading required package: survival
    
    Attaching package: 'survey'
    
    The following object is masked from 'package:graphics':
    
     dotchart
    
    spsurvey version 5.0.0 introduced significant changes to the inputs and outputs of many functions. Please review the updated materials, vignettes, and documentation by visiting
     https://cran.r-project.org/package=spsurvey
    Quitting from lines 198-211 (MBHdesign.Rnw)
    Error: processing vignette 'MBHdesign.Rnw' failed with diagnostics:
    could not find function "total.est"
    --- failed re-building 'MBHdesign.Rnw'
    
    SUMMARY: processing the following file failed:
     'MBHdesign.Rnw'
    
    Error: Vignette re-building failed.
    Execution halted
Flavors: r-devel-linux-x86_64-debian-clang, r-devel-linux-x86_64-debian-gcc

Version: 2.1.9
Check: re-building of vignette outputs
Result: WARN
    Error(s) in re-building vignettes:
    --- re-building ‘MBHdesign.Rnw’ using knitr
    Loading required package: sf
    Linking to GEOS 3.8.1, GDAL 3.0.4, PROJ 6.3.2
    Loading required package: survey
    Loading required package: grid
    Loading required package: Matrix
    Loading required package: survival
    
    Attaching package: 'survey'
    
    The following object is masked from 'package:graphics':
    
     dotchart
    
    spsurvey version 5.0.0 introduced significant changes to the inputs and outputs of many functions. Please review the updated materials, vignettes, and documentation by visiting
     https://cran.r-project.org/package=spsurvey
    Quitting from lines 198-211 (MBHdesign.Rnw)
    Error: processing vignette 'MBHdesign.Rnw' failed with diagnostics:
    could not find function "total.est"
    --- failed re-building ‘MBHdesign.Rnw’
    
    SUMMARY: processing the following file failed:
     ‘MBHdesign.Rnw’
    
    Error: Vignette re-building failed.
    Execution halted
Flavors: r-devel-linux-x86_64-fedora-clang, r-devel-linux-x86_64-fedora-gcc

Version: 2.1.9
Check: re-building of vignette outputs
Result: WARN
    Error(s) in re-building vignettes:
     ...
    --- re-building ‘MBHdesign.Rnw’ using knitr
    Loading required package: sf
    Linking to GEOS 3.9.1, GDAL 2.4.4, PROJ 5.2.0
    Loading required package: survey
    Loading required package: grid
    Loading required package: Matrix
    Loading required package: survival
    
    Attaching package: 'survey'
    
    The following object is masked from 'package:graphics':
    
     dotchart
    
    spsurvey version 5.0.0 introduced significant changes to the inputs and outputs of many functions. Please review the updated materials, vignettes, and documentation by visiting
     https://cran.r-project.org/package=spsurvey
    Quitting from lines 198-211 (MBHdesign.Rnw)
    Error: processing vignette 'MBHdesign.Rnw' failed with diagnostics:
    could not find function "total.est"
    --- failed re-building ‘MBHdesign.Rnw’
    
    SUMMARY: processing the following file failed:
     ‘MBHdesign.Rnw’
    
    Error: Vignette re-building failed.
    Execution halted
Flavor: r-patched-solaris-x86