CRAN Package Check Results for Package MARVEL

Last updated on 2021-07-24 09:54:03 CEST.

Flavor Version Tinstall Tcheck Ttotal Status Flags
r-devel-linux-x86_64-debian-clang 1.1.0 33.59 305.53 339.12 OK
r-devel-linux-x86_64-debian-gcc 1.1.0 28.49 230.30 258.79 OK
r-devel-linux-x86_64-fedora-clang 1.1.0 423.93 NOTE
r-devel-linux-x86_64-fedora-gcc 1.1.0 432.56 NOTE
r-devel-windows-x86_64 1.1.0 39.00 261.00 300.00 OK
r-devel-windows-x86_64-gcc10-UCRT 1.1.0 NOTE
r-patched-linux-x86_64 1.1.0 33.78 285.05 318.83 OK
r-patched-solaris-x86 1.1.0 575.10 NOTE
r-release-linux-x86_64 1.1.0 32.28 285.99 318.27 OK
r-release-macos-arm64 1.1.0 ERROR
r-release-macos-x86_64 1.1.0 ERROR
r-release-windows-ix86+x86_64 1.1.0 76.00 261.00 337.00 OK
r-oldrel-macos-x86_64 1.1.0 NOTE
r-oldrel-windows-ix86+x86_64 1.1.0 69.00 301.00 370.00 OK

Check Details

Version: 1.1.0
Check: dependencies in R code
Result: NOTE
    Namespaces in Imports field not imported from:
     ‘dplyr’ ‘kableExtra’
     All declared Imports should be used.
Flavors: r-devel-linux-x86_64-fedora-clang, r-devel-linux-x86_64-fedora-gcc, r-devel-windows-x86_64-gcc10-UCRT, r-patched-solaris-x86, r-oldrel-macos-x86_64

Version: 1.1.0
Check: package dependencies
Result: ERROR
    Packages required but not available: 'GO.db', 'GOstats', 'org.Hs.eg.db'
    
    See section ‘The DESCRIPTION file’ in the ‘Writing R Extensions’
    manual.
Flavor: r-release-macos-arm64

Version: 1.1.0
Check: package dependencies
Result: ERROR
    Packages required but not available: 'GO.db', 'org.Hs.eg.db'
    
    See section ‘The DESCRIPTION file’ in the ‘Writing R Extensions’
    manual.
Flavor: r-release-macos-x86_64