CRAN Package Check Results for Package LogConcDEAD

Last updated on 2021-10-22 09:53:09 CEST.

Flavor Version Tinstall Tcheck Ttotal Status Flags
r-devel-linux-x86_64-debian-clang 1.6-4 20.05 91.34 111.39 WARN
r-devel-linux-x86_64-debian-gcc 1.6-4 16.40 69.93 86.33 WARN
r-devel-linux-x86_64-fedora-clang 1.6-4 155.46 WARN
r-devel-linux-x86_64-fedora-gcc 1.6-4 152.26 WARN
r-devel-windows-x86_64 1.6-4 31.00 520.00 551.00 OK
r-devel-windows-x86_64-gcc10-UCRT 1.6-4 OK
r-patched-linux-x86_64 1.6-4 20.28 90.30 110.58 WARN
r-patched-solaris-x86 1.6-4 216.10 OK
r-release-linux-x86_64 1.6-4 19.65 88.89 108.54 WARN
r-release-macos-arm64 1.6-4 OK
r-release-macos-x86_64 1.6-4 OK
r-release-windows-ix86+x86_64 1.6-4 47.00 135.00 182.00 OK
r-oldrel-macos-x86_64 1.6-4 OK
r-oldrel-windows-ix86+x86_64 1.6-4 62.00 136.00 198.00 OK

Check Details

Version: 1.6-4
Check: top-level files
Result: WARN
     Output from running autoreconf:
     configure.ac:15: warning: The macro `AC_TRY_COMPILE' is obsolete.
     configure.ac:15: You should run autoupdate.
     ./lib/autoconf/general.m4:2847: AC_TRY_COMPILE is expanded from...
     configure.ac:15: the top level
Flavors: r-devel-linux-x86_64-debian-clang, r-devel-linux-x86_64-debian-gcc, r-patched-linux-x86_64, r-release-linux-x86_64

Version: 1.6-4
Check: top-level files
Result: WARN
     Output from running autoreconf:
     configure.ac:15: warning: The macro `AC_TRY_COMPILE' is obsolete.
     configure.ac:15: You should run autoupdate.
     ./lib/autoconf/general.m4:2847: AC_TRY_COMPILE is expanded from...
     configure.ac:15: the top level
     configure.ac:15: warning: The macro `AC_TRY_COMPILE' is obsolete.
     configure.ac:15: You should run autoupdate.
     ./lib/autoconf/general.m4:2847: AC_TRY_COMPILE is expanded from...
     configure.ac:15: the top level
Flavors: r-devel-linux-x86_64-fedora-clang, r-devel-linux-x86_64-fedora-gcc

Version: 1.6-4
Check: Rd cross-references
Result: NOTE
    Undeclared packages ‘logcondens’, ‘colorspace’ in Rd xrefs
Flavor: r-devel-linux-x86_64-fedora-clang