CRAN Package Check Results for Package LncPath

Last updated on 2021-10-25 09:55:25 CEST.

Flavor Version Tinstall Tcheck Ttotal Status Flags
r-devel-linux-x86_64-debian-clang 1.1 5.60 47.61 53.21 NOTE
r-devel-linux-x86_64-debian-gcc 1.1 4.32 37.90 42.22 NOTE
r-devel-linux-x86_64-fedora-clang 1.1 77.58 NOTE
r-devel-linux-x86_64-fedora-gcc 1.1 70.52 NOTE
r-devel-windows-x86_64 1.1 8.00 77.00 85.00 OK
r-devel-windows-x86_64-gcc10-UCRT 1.1 OK
r-patched-linux-x86_64 1.1 4.79 46.95 51.74 NOTE
r-patched-solaris-x86 1.1 109.10 NOTE
r-release-linux-x86_64 1.1 4.18 47.24 51.42 NOTE
r-release-macos-arm64 1.1 OK
r-release-macos-x86_64 1.1 OK
r-release-windows-ix86+x86_64 1.1 7.00 75.00 82.00 OK
r-oldrel-macos-x86_64 1.1 OK
r-oldrel-windows-ix86+x86_64 1.1 10.00 75.00 85.00 OK

Check Details

Version: 1.1
Check: for non-standard things in the check directory
Result: NOTE
    Found the following files/directories:
     'tTestTable.rda'
Flavors: r-devel-linux-x86_64-debian-clang, r-devel-linux-x86_64-debian-gcc, r-devel-linux-x86_64-fedora-clang, r-devel-linux-x86_64-fedora-gcc, r-patched-linux-x86_64, r-patched-solaris-x86, r-release-linux-x86_64