CRAN Package Check Results for Package LexisNexisTools

Last updated on 2021-09-19 09:50:23 CEST.

Flavor Version Tinstall Tcheck Ttotal Status Flags
r-devel-linux-x86_64-debian-clang 0.3.4 13.70 160.99 174.69 OK
r-devel-linux-x86_64-debian-gcc 0.3.4 10.01 112.48 122.49 OK
r-devel-linux-x86_64-fedora-clang 0.3.4 211.80 OK
r-devel-linux-x86_64-fedora-gcc 0.3.4 210.63 OK
r-devel-windows-x86_64 0.3.4 17.00 143.00 160.00 OK
r-devel-windows-x86_64-gcc10-UCRT 0.3.4 ERROR
r-patched-linux-x86_64 0.3.4 11.18 147.59 158.77 OK
r-patched-solaris-x86 0.3.4 386.60 OK
r-release-linux-x86_64 0.3.4 12.32 146.88 159.20 OK
r-release-macos-arm64 0.3.4 OK
r-release-macos-x86_64 0.3.4 OK
r-release-windows-ix86+x86_64 0.3.4 29.00 183.00 212.00 OK
r-oldrel-macos-x86_64 0.3.4 OK
r-oldrel-windows-ix86+x86_64 0.3.4 29.00 190.00 219.00 OK

Check Details

Version: 0.3.4
Check: whether package can be installed
Result: WARN
    Found the following significant warnings:
     WARNING: installation-time patches will not be applied, could not get the patches index
Flavor: r-devel-windows-x86_64-gcc10-UCRT

Version: 0.3.4
Check: tests
Result: ERROR
     Running 'spelling.R'
     Running 'testthat.R'
    Running the tests in 'tests/testthat.R' failed.
    Complete output:
     > library("testthat")
     > library("LexisNexisTools")
     LexisNexisTools Version 0.3.4
     >
     > test_check("LexisNexisTools")
    
     | | 0 % ~calculating
     |+++++ | 10% ~00s
     |++++++++++ | 20% ~00s
     |+++++++++++++++ | 30% ~00s
     |++++++++++++++++++++ | 40% ~00s
     |+++++++++++++++++++++++++ | 50% ~00s
     |++++++++++++++++++++++++++++++ | 60% ~00s
     |+++++++++++++++++++++++++++++++++++ | 70% ~00s
     |++++++++++++++++++++++++++++++++++++++++ | 80% ~00s
     |+++++++++++++++++++++++++++++++++++++++++++++ | 90% ~00s
     |++++++++++++++++++++++++++++++++++++++++++++++++++| 100% elapsed=00s
     ══ Skipped tests ═══════════════════════════════════════════════════════════════
     • !dir.exists("/home/johannes/Dropbox/LexisNexis_sample_files/") is TRUE (1)
     • On CRAN (1)
    
     ══ Failed tests ════════════════════════════════════════════════════════════════
     ── Error (test-lnt_read_uni.R:35:3): Read files from zip ───────────────────────
     Error: No txt, rtf, doc, pdf, docx, zip files found.
     Backtrace:
     █
     1. ├─testthat::expect_equal(...) test-lnt_read_uni.R:35:2
     2. │ └─testthat::quasi_label(enquo(object), label, arg = "object")
     3. │ └─rlang::eval_bare(expr, quo_get_env(quo))
     4. ├─base::basename(LexisNexisTools:::get_files(x = tempf))
     5. └─LexisNexisTools:::get_files(x = tempf)
     6. └─LexisNexisTools:::get_files(temp)
    
     [ FAIL 1 | WARN 6 | SKIP 2 | PASS 98 ]
     Error: Test failures
     Execution halted
Flavor: r-devel-windows-x86_64-gcc10-UCRT

Version: 0.3.4
Check: PDF version of manual
Result: WARN
    LaTeX errors when creating PDF version.
    This typically indicates Rd problems.
Flavor: r-devel-windows-x86_64-gcc10-UCRT

Version: 0.3.4
Check: PDF version of manual without hyperrefs or index
Result: ERROR
    Re-running with no redirection of stdout/stderr.
Flavor: r-devel-windows-x86_64-gcc10-UCRT