Last updated on 2024-04-23 10:54:07 CEST.
Flavor | Version | Tinstall | Tcheck | Ttotal | Status | Flags |
---|---|---|---|---|---|---|
r-devel-linux-x86_64-debian-clang | 0.1.0 | 11.31 | 66.93 | 78.24 | NOTE | |
r-devel-linux-x86_64-debian-gcc | 0.1.0 | 10.84 | 46.72 | 57.56 | NOTE | |
r-devel-linux-x86_64-fedora-clang | 0.1.0 | 95.62 | NOTE | |||
r-devel-linux-x86_64-fedora-gcc | 0.1.0 | 89.84 | NOTE | |||
r-prerel-macos-arm64 | 0.1.0 | 28.00 | NOTE | |||
r-prerel-windows-x86_64 | 0.1.0 | 11.00 | 68.00 | 79.00 | NOTE | |
r-patched-linux-x86_64 | 0.1.0 | 9.00 | 61.17 | 70.17 | NOTE | |
r-release-linux-x86_64 | 0.1.0 | 7.66 | 63.84 | 71.50 | OK | |
r-release-macos-arm64 | 0.1.0 | 30.00 | OK | |||
r-release-macos-x86_64 | 0.1.0 | 50.00 | OK | |||
r-release-windows-x86_64 | 0.1.0 | 14.00 | 75.00 | 89.00 | OK | |
r-oldrel-macos-arm64 | 0.1.0 | 29.00 | OK | |||
r-oldrel-windows-x86_64 | 0.1.0 | 14.00 | 71.00 | 85.00 | OK |
Version: 0.1.0
Check: Rd files
Result: NOTE
checkRd: (-1) S2mu.Rd:18: Lost braces; missing escapes or markup?
18 | \code{S2mu} computes a estimation of the variance, given a sample {x} with known population mean (denoted by \code{mu}).
| ^
checkRd: (-1) sample.quantile.Rd:20: Lost braces; missing escapes or markup?
20 | \code{sample.quantile} computes a estimation of different quantiles, given a sample {x}, using order statistics.
| ^
Flavors: r-devel-linux-x86_64-debian-clang, r-devel-linux-x86_64-debian-gcc, r-devel-linux-x86_64-fedora-clang, r-devel-linux-x86_64-fedora-gcc, r-prerel-macos-arm64, r-prerel-windows-x86_64, r-patched-linux-x86_64