CRAN Package Check Results for Package LeArEst

Last updated on 2021-10-25 09:55:24 CEST.

Flavor Version Tinstall Tcheck Ttotal Status Flags
r-devel-linux-x86_64-debian-clang 1.0.0 5.16 32.17 37.33 NOTE
r-devel-linux-x86_64-debian-gcc 1.0.0 3.68 25.00 28.68 NOTE
r-devel-linux-x86_64-fedora-clang 1.0.0 56.74 NOTE
r-devel-linux-x86_64-fedora-gcc 1.0.0 47.65 NOTE
r-devel-windows-x86_64 1.0.0 9.00 40.00 49.00 NOTE
r-devel-windows-x86_64-gcc10-UCRT 1.0.0 NOTE
r-patched-linux-x86_64 1.0.0 5.43 31.20 36.63 NOTE
r-patched-solaris-x86 1.0.0 63.20 NOTE
r-release-linux-x86_64 1.0.0 4.17 31.14 35.31 NOTE
r-release-macos-arm64 1.0.0 NOTE
r-release-macos-x86_64 1.0.0 NOTE
r-release-windows-ix86+x86_64 1.0.0 8.00 49.00 57.00 NOTE
r-oldrel-macos-x86_64 1.0.0 OK
r-oldrel-windows-ix86+x86_64 1.0.0 10.00 47.00 57.00 OK

Check Details

Version: 1.0.0
Check: LazyData
Result: NOTE
     'LazyData' is specified without a 'data' directory
Flavors: r-devel-linux-x86_64-debian-clang, r-devel-linux-x86_64-debian-gcc, r-devel-linux-x86_64-fedora-clang, r-devel-linux-x86_64-fedora-gcc, r-devel-windows-x86_64, r-devel-windows-x86_64-gcc10-UCRT, r-patched-linux-x86_64, r-patched-solaris-x86, r-release-linux-x86_64, r-release-macos-arm64, r-release-macos-x86_64, r-release-windows-ix86+x86_64