CRAN Package Check Results for Package LDATS

Last updated on 2021-09-17 09:53:27 CEST.

Flavor Version Tinstall Tcheck Ttotal Status Flags
r-devel-linux-x86_64-debian-clang 0.2.7 11.99 152.16 164.15 OK
r-devel-linux-x86_64-debian-gcc 0.2.7 8.06 110.73 118.79 OK
r-devel-linux-x86_64-fedora-clang 0.2.7 197.59 OK
r-devel-linux-x86_64-fedora-gcc 0.2.7 182.98 OK
r-devel-windows-x86_64 0.2.7 11.00 197.00 208.00 OK
r-devel-windows-x86_64-gcc10-UCRT 0.2.7 OK
r-patched-linux-x86_64 0.2.7 12.30 147.09 159.39 OK
r-patched-solaris-x86 0.2.7 252.50 WARN
r-release-linux-x86_64 0.2.7 9.05 147.19 156.24 OK
r-release-macos-arm64 0.2.7 WARN
r-release-macos-x86_64 0.2.7 WARN
r-release-windows-ix86+x86_64 0.2.7 23.00 214.00 237.00 OK
r-oldrel-macos-x86_64 0.2.7 WARN
r-oldrel-windows-ix86+x86_64 0.2.7 19.00 206.00 225.00 OK

Check Details

Version: 0.2.7
Check: re-building of vignette outputs
Result: WARN
    Error(s) in re-building vignettes:
     ...
    --- re-building ‘LDATS_codebase.Rmd’ using rmarkdown
    Warning in engine$weave(file, quiet = quiet, encoding = enc) :
     Pandoc (>= 1.12.3) not available. Falling back to R Markdown v1.
    --- finished re-building ‘LDATS_codebase.Rmd’
    
    --- re-building ‘paper-comparison.Rmd’ using rmarkdown
    Warning in engine$weave(file, quiet = quiet, encoding = enc) :
     Pandoc (>= 1.12.3) not available. Falling back to R Markdown v1.
    Quitting from lines 59-60 (paper-comparison.Rmd)
    Error: processing vignette 'paper-comparison.Rmd' failed with diagnostics:
    object 'params' not found
    --- failed re-building ‘paper-comparison.Rmd’
    
    --- re-building ‘rodents-example.Rmd’ using rmarkdown
    Warning in engine$weave(file, quiet = quiet, encoding = enc) :
     Pandoc (>= 1.12.3) not available. Falling back to R Markdown v1.
    --- finished re-building ‘rodents-example.Rmd’
    
    SUMMARY: processing the following file failed:
     ‘paper-comparison.Rmd’
    
    Error: Vignette re-building failed.
    Execution halted
Flavors: r-patched-solaris-x86, r-release-macos-x86_64

Version: 0.2.7
Check: re-building of vignette outputs
Result: WARN
    Error(s) in re-building vignettes:
     ...
    --- re-building ‘LDATS_codebase.Rmd’ using rmarkdown
    Pandoc is required to build R Markdown vignettes but not available. Please make sure it is installed.
    --- finished re-building ‘LDATS_codebase.Rmd’
    
    --- re-building ‘paper-comparison.Rmd’ using rmarkdown
    Pandoc is required to build R Markdown vignettes but not available. Please make sure it is installed.
    Quitting from lines 59-60 (paper-comparison.Rmd)
    Error: processing vignette 'paper-comparison.Rmd' failed with diagnostics:
    object 'params' not found
    --- failed re-building ‘paper-comparison.Rmd’
    
    --- re-building ‘rodents-example.Rmd’ using rmarkdown
    Pandoc is required to build R Markdown vignettes but not available. Please make sure it is installed.
    --- finished re-building ‘rodents-example.Rmd’
    
    SUMMARY: processing the following file failed:
     ‘paper-comparison.Rmd’
    
    Error: Vignette re-building failed.
    Execution halted
Flavor: r-release-macos-arm64

Version: 0.2.7
Check: re-building of vignette outputs
Result: WARN
    Error(s) in re-building vignettes:
     ...
    --- re-building ‘LDATS_codebase.Rmd’ using rmarkdown
    Warning in engine$weave(file, quiet = quiet, encoding = enc) :
     Pandoc (>= 1.12.3) and/or pandoc-citeproc not available. Falling back to R Markdown v1.
    --- finished re-building ‘LDATS_codebase.Rmd’
    
    --- re-building ‘paper-comparison.Rmd’ using rmarkdown
    Warning in engine$weave(file, quiet = quiet, encoding = enc) :
     Pandoc (>= 1.12.3) and/or pandoc-citeproc not available. Falling back to R Markdown v1.
    Quitting from lines 59-60 (paper-comparison.Rmd)
    Error: processing vignette 'paper-comparison.Rmd' failed with diagnostics:
    object 'params' not found
    --- failed re-building ‘paper-comparison.Rmd’
    
    --- re-building ‘rodents-example.Rmd’ using rmarkdown
    Warning in engine$weave(file, quiet = quiet, encoding = enc) :
     Pandoc (>= 1.12.3) and/or pandoc-citeproc not available. Falling back to R Markdown v1.
    --- finished re-building ‘rodents-example.Rmd’
    
    SUMMARY: processing the following file failed:
     ‘paper-comparison.Rmd’
    
    Error: Vignette re-building failed.
    Execution halted
Flavor: r-oldrel-macos-x86_64