CRAN Package Check Results for Package LBSPR

Last updated on 2021-10-24 10:04:10 CEST.

Flavor Version Tinstall Tcheck Ttotal Status Flags
r-devel-linux-x86_64-debian-clang 0.1.6 32.39 88.50 120.89 OK
r-devel-linux-x86_64-debian-gcc 0.1.6 24.44 65.27 89.71 OK
r-devel-linux-x86_64-fedora-clang 0.1.6 166.94 OK
r-devel-linux-x86_64-fedora-gcc 0.1.6 152.35 OK
r-devel-windows-x86_64 0.1.6 47.00 123.00 170.00 OK
r-devel-windows-x86_64-gcc10-UCRT 0.1.6 OK
r-patched-linux-x86_64 0.1.6 30.17 82.30 112.47 OK
r-patched-solaris-x86 0.1.6 141.90 OK
r-release-linux-x86_64 0.1.6 27.44 81.87 109.31 OK
r-release-macos-arm64 0.1.5 NOTE
r-release-macos-x86_64 0.1.6 OK
r-release-windows-ix86+x86_64 0.1.6 56.00 144.00 200.00 OK
r-oldrel-macos-x86_64 0.1.6 OK
r-oldrel-windows-ix86+x86_64 0.1.6 62.00 104.00 166.00 OK

Check Details

Version: 0.1.5
Check: LazyData
Result: NOTE
     'LazyData' is specified without a 'data' directory
Flavor: r-release-macos-arm64