Last updated on 2024-04-19 10:57:28 CEST.
Flavor | Version | Tinstall | Tcheck | Ttotal | Status | Flags |
---|---|---|---|---|---|---|
r-devel-linux-x86_64-debian-clang | 2.0.3 | 10.13 | 89.39 | 99.52 | NOTE | |
r-devel-linux-x86_64-debian-gcc | 2.0.3 | NOTE | ||||
r-devel-linux-x86_64-fedora-clang | 2.0.3 | 123.06 | NOTE | |||
r-devel-linux-x86_64-fedora-gcc | 2.0.3 | 125.41 | NOTE | |||
r-prerel-macos-arm64 | 2.0.3 | 41.00 | NOTE | |||
r-prerel-windows-x86_64 | 2.0.3 | 10.00 | 90.00 | 100.00 | NOTE | |
r-patched-linux-x86_64 | 2.0.3 | 8.83 | 82.45 | 91.28 | NOTE | |
r-release-linux-x86_64 | 2.0.3 | 6.67 | 81.72 | 88.39 | OK | |
r-release-macos-arm64 | 2.0.3 | 41.00 | OK | |||
r-release-macos-x86_64 | 2.0.3 | 105.00 | OK | |||
r-release-windows-x86_64 | 2.0.3 | 12.00 | 102.00 | 114.00 | OK | |
r-oldrel-macos-arm64 | 2.0.3 | 40.00 | OK | |||
r-oldrel-windows-x86_64 | 2.0.3 | 14.00 | 145.00 | 159.00 | OK |
Version: 2.0.3
Check: Rd files
Result: NOTE
checkRd: (-1) conn.Rd:300: Lost braces
300 | Soranno et al. (2017) \doi{10.1093/gigascience/gix101}{Gigascience 6:12}
| ^
checkRd: (-1) lakes_limno.Rd:36: Lost braces
36 | Soranno et al. (2017) \doi{10.1093/gigascience/gix101}{Gigascience 6:12}
| ^
Flavors: r-devel-linux-x86_64-debian-clang, r-devel-linux-x86_64-debian-gcc, r-devel-linux-x86_64-fedora-clang, r-devel-linux-x86_64-fedora-gcc, r-prerel-macos-arm64, r-prerel-windows-x86_64, r-patched-linux-x86_64