Last updated on 2024-04-23 10:54:06 CEST.
Flavor | Version | Tinstall | Tcheck | Ttotal | Status | Flags |
---|---|---|---|---|---|---|
r-devel-linux-x86_64-debian-clang | 0.8-85 | 167.24 | 258.95 | 426.19 | NOTE | |
r-devel-linux-x86_64-debian-gcc | 0.8-85 | 135.28 | 185.26 | 320.54 | NOTE | |
r-devel-linux-x86_64-fedora-clang | 0.8-85 | 571.58 | NOTE | |||
r-devel-linux-x86_64-fedora-gcc | 0.8-85 | 565.43 | NOTE | |||
r-prerel-macos-arm64 | 0.8-85 | 112.00 | NOTE | |||
r-prerel-windows-x86_64 | 0.8-85 | 124.00 | 190.00 | 314.00 | NOTE | |
r-patched-linux-x86_64 | 0.8-85 | 131.47 | 248.35 | 379.82 | NOTE | |
r-release-linux-x86_64 | 0.8-85 | 120.91 | 255.77 | 376.68 | NOTE | |
r-release-macos-arm64 | 0.8-85 | 122.00 | NOTE | |||
r-release-macos-x86_64 | 0.8-85 | 207.00 | NOTE | |||
r-release-windows-x86_64 | 0.8-85 | 154.00 | 242.00 | 396.00 | NOTE | |
r-oldrel-macos-arm64 | 0.8-85 | 137.00 | NOTE | |||
r-oldrel-windows-x86_64 | 0.8-85 | 155.00 | 231.00 | 386.00 | OK |
Version: 0.8-85
Check: C++ specification
Result: NOTE
Specified C++11: please drop specification unless essential
Flavors: r-devel-linux-x86_64-debian-clang, r-devel-linux-x86_64-debian-gcc, r-devel-linux-x86_64-fedora-clang, r-devel-linux-x86_64-fedora-gcc, r-prerel-macos-arm64, r-prerel-windows-x86_64, r-patched-linux-x86_64, r-release-linux-x86_64, r-release-macos-arm64, r-release-macos-x86_64, r-release-windows-x86_64
Version: 0.8-85
Check: installed package size
Result: NOTE
installed size is 8.3Mb
sub-directories of 1Mb or more:
libs 7.2Mb
Flavors: r-prerel-macos-arm64, r-release-macos-arm64, r-release-macos-x86_64, r-oldrel-macos-arm64