CRAN Package Check Results for Package JGL

Last updated on 2021-10-22 09:53:08 CEST.

Flavor Version Tinstall Tcheck Ttotal Status Flags
r-devel-linux-x86_64-debian-clang 2.3.1 4.19 39.42 43.61 OK
r-devel-linux-x86_64-debian-gcc 2.3.1 2.49 30.83 33.32 OK
r-devel-linux-x86_64-fedora-clang 2.3.1 63.90 OK
r-devel-linux-x86_64-fedora-gcc 2.3.1 52.89 OK
r-devel-windows-x86_64 2.3.1 6.00 63.00 69.00 OK
r-devel-windows-x86_64-gcc10-UCRT 2.3.1 ERROR
r-patched-linux-x86_64 2.3.1 3.42 39.41 42.83 OK
r-patched-solaris-x86 2.3.1 83.10 OK
r-release-linux-x86_64 2.3.1 3.68 38.63 42.31 OK
r-release-macos-arm64 2.3.1 OK
r-release-macos-x86_64 2.3.1 OK
r-release-windows-ix86+x86_64 2.3.1 6.00 58.00 64.00 OK
r-oldrel-macos-x86_64 2.3.1 OK
r-oldrel-windows-ix86+x86_64 2.3.1 8.00 59.00 67.00 OK

Check Details

Version: 2.3.1
Check: package dependencies
Result: ERROR
    Package required but not available: 'igraph'
    
    See section 'The DESCRIPTION file' in the 'Writing R Extensions'
    manual.
Flavor: r-devel-windows-x86_64-gcc10-UCRT