CRAN Package Check Results for Package Iso

Last updated on 2021-09-19 09:50:21 CEST.

Flavor Version Tinstall Tcheck Ttotal Status Flags
r-devel-linux-x86_64-debian-clang 0.0-18.1 3.28 28.71 31.99 OK
r-devel-linux-x86_64-debian-gcc 0.0-18.1 2.45 23.08 25.53 OK
r-devel-linux-x86_64-fedora-clang 0.0-18.1 48.04 OK
r-devel-linux-x86_64-fedora-gcc 0.0-18.1 37.97 OK
r-devel-windows-x86_64 0.0-18.1 7.00 37.00 44.00 OK
r-devel-windows-x86_64-gcc10-UCRT 0.0-18.1 ERROR
r-patched-linux-x86_64 0.0-18.1 3.25 28.07 31.32 OK
r-patched-solaris-x86 0.0-18.1 58.60 OK
r-release-linux-x86_64 0.0-18.1 2.87 27.96 30.83 OK
r-release-macos-arm64 0.0-18.1 OK
r-release-macos-x86_64 0.0-18.1 OK
r-release-windows-ix86+x86_64 0.0-18.1 11.00 49.00 60.00 OK
r-oldrel-macos-x86_64 0.0-18.1 OK
r-oldrel-windows-ix86+x86_64 0.0-18.1 10.00 48.00 58.00 OK

Check Details

Version: 0.0-18.1
Check: whether package can be installed
Result: ERROR
    Installation failed.
Flavor: r-devel-windows-x86_64-gcc10-UCRT