CRAN Package Check Results for Package InteractiveIGraph

Last updated on 2021-10-15 09:51:48 CEST.

Flavor Version Tinstall Tcheck Ttotal Status Flags
r-devel-linux-x86_64-debian-clang 1.0.6.1 4.78 39.87 44.65 NOTE
r-devel-linux-x86_64-debian-gcc 1.0.6.1 4.54 30.93 35.47 NOTE
r-devel-linux-x86_64-fedora-clang 1.0.6.1 64.94 NOTE
r-devel-linux-x86_64-fedora-gcc 1.0.6.1 57.15 NOTE
r-devel-windows-x86_64 1.0.6.1 7.00 45.00 52.00 NOTE
r-devel-windows-x86_64-gcc10-UCRT 1.0.6.1 NOTE
r-patched-linux-x86_64 1.0.6.1 6.70 39.21 45.91 NOTE
r-patched-solaris-x86 1.0.6.1 78.60 NOTE
r-release-linux-x86_64 1.0.6.1 5.56 39.53 45.09 NOTE
r-release-macos-arm64 1.0.6.1 NOTE
r-release-macos-x86_64 1.0.6.1 NOTE
r-release-windows-ix86+x86_64 1.0.6.1 9.00 56.00 65.00 NOTE
r-oldrel-macos-x86_64 1.0.6.1 NOTE
r-oldrel-windows-ix86+x86_64 1.0.6.1 10.00 55.00 65.00 NOTE

Check Details

Version: 1.0.6.1
Check: DESCRIPTION meta-information
Result: NOTE
    Malformed Title field: should not end in a period.
Flavors: r-devel-linux-x86_64-debian-clang, r-devel-linux-x86_64-debian-gcc, r-devel-linux-x86_64-fedora-clang, r-devel-linux-x86_64-fedora-gcc, r-devel-windows-x86_64, r-devel-windows-x86_64-gcc10-UCRT, r-patched-linux-x86_64, r-patched-solaris-x86, r-release-linux-x86_64, r-release-macos-arm64, r-release-macos-x86_64, r-release-windows-ix86+x86_64, r-oldrel-macos-x86_64, r-oldrel-windows-ix86+x86_64

Version: 1.0.6.1
Check: R code for possible problems
Result: NOTE
    ClearBottomMenuPlot: no visible global function definition for 'rect'
    InteractiveIGraph : mousedown: no visible global function definition
     for 'grconvertX'
    InteractiveIGraph : mousedown: no visible global function definition
     for 'grconvertY'
    InteractiveIGraph : dragmousemove: no visible global function
     definition for 'grconvertX'
    InteractiveIGraph : dragmousemove: no visible global function
     definition for 'grconvertY'
    InteractiveIGraph : dragmousemove: no visible global function
     definition for 'polygon'
    InteractiveIGraph : mouseup: no visible global function definition for
     'grconvertX'
    InteractiveIGraph : mouseup: no visible global function definition for
     'grconvertY'
    InteractiveIGraph : keybd: no visible global function definition for
     'par'
    PlotRegionGeneral: no visible global function definition for 'polygon'
    plot.InteractiveIGraph: no visible global function definition for 'par'
    plot.Menu: no visible global function definition for 'par'
    plot.Menu: no visible binding for global variable 'rect'
    plot.MenuItem: no visible binding for global variable 'strwidth'
    plot.MenuItem: no visible binding for global variable 'strheight'
    plot.MenuItem: no visible binding for global variable 'rect'
    plot.MenuItem: no visible binding for global variable 'text'
    plot.MenuLine: no visible binding for global variable 'rect'
    Undefined global functions or variables:
     grconvertX grconvertY par polygon rect strheight strwidth text
    Consider adding
     importFrom("graphics", "grconvertX", "grconvertY", "par", "polygon",
     "rect", "strheight", "strwidth", "text")
    to your NAMESPACE file.
Flavors: r-devel-linux-x86_64-debian-clang, r-devel-linux-x86_64-debian-gcc, r-devel-linux-x86_64-fedora-clang, r-devel-linux-x86_64-fedora-gcc, r-patched-linux-x86_64, r-patched-solaris-x86, r-release-linux-x86_64, r-release-macos-arm64, r-release-macos-x86_64, r-oldrel-macos-x86_64

Version: 1.0.6.1
Check: Rd line widths
Result: NOTE
    Rd file 'InteractiveIGraph.Rd':
     \examples lines wider than 100 characters:
     # this is an 'InteractiveIGraph' object, up till now there is not much difference. Just some extra attributes.
    
    Rd file 'MenuAddItems.Rd':
     \examples lines wider than 100 characters:
     Item = list(list(label=msg, RegionParams=list(XBufCof = 0, YBufCof=0.2), RecParams=list(lwd = NA, border=NA), TextParams=list(cex=0.8 ... [TRUNCATED]
    
    These lines will be truncated in the PDF manual.
Flavors: r-devel-linux-x86_64-debian-clang, r-devel-linux-x86_64-debian-gcc, r-devel-linux-x86_64-fedora-clang, r-devel-linux-x86_64-fedora-gcc, r-patched-linux-x86_64, r-release-linux-x86_64

Version: 1.0.6.1
Check: R code for possible problems
Result: NOTE
    ClearBottomMenuPlot: no visible global function definition for 'rect'
    InteractiveIGraph : mousedown: no visible global function definition
     for 'grconvertX'
    InteractiveIGraph : mousedown: no visible global function definition
     for 'grconvertY'
    InteractiveIGraph : dragmousemove: no visible global function
     definition for 'grconvertX'
    InteractiveIGraph : dragmousemove: no visible global function
     definition for 'grconvertY'
    InteractiveIGraph : dragmousemove: no visible global function
     definition for 'polygon'
    InteractiveIGraph : mouseup: no visible global function definition for
     'grconvertX'
    InteractiveIGraph : mouseup: no visible global function definition for
     'grconvertY'
    InteractiveIGraph : keybd: no visible global function definition for
     'readClipboard'
    InteractiveIGraph : keybd: no visible global function definition for
     'par'
    PlotRegionGeneral: no visible global function definition for 'polygon'
    plot.InteractiveIGraph: no visible global function definition for 'par'
    plot.Menu: no visible global function definition for 'par'
    plot.Menu: no visible binding for global variable 'rect'
    plot.MenuItem: no visible binding for global variable 'strwidth'
    plot.MenuItem: no visible binding for global variable 'strheight'
    plot.MenuItem: no visible binding for global variable 'rect'
    plot.MenuItem: no visible binding for global variable 'text'
    plot.MenuLine: no visible binding for global variable 'rect'
    Undefined global functions or variables:
     grconvertX grconvertY par polygon readClipboard rect strheight
     strwidth text
    Consider adding
     importFrom("graphics", "grconvertX", "grconvertY", "par", "polygon",
     "rect", "strheight", "strwidth", "text")
     importFrom("utils", "readClipboard")
    to your NAMESPACE file.
Flavors: r-devel-windows-x86_64, r-devel-windows-x86_64-gcc10-UCRT, r-release-windows-ix86+x86_64, r-oldrel-windows-ix86+x86_64