CRAN Package Check Results for Package InjurySeverityScore

Last updated on 2021-10-18 09:54:46 CEST.

Flavor Version Tinstall Tcheck Ttotal Status Flags
r-devel-linux-x86_64-debian-clang 0.0.0.2 2.02 21.93 23.95 NOTE
r-devel-linux-x86_64-debian-gcc 0.0.0.2 1.60 17.35 18.95 NOTE
r-devel-linux-x86_64-fedora-clang 0.0.0.2 39.67 NOTE
r-devel-linux-x86_64-fedora-gcc 0.0.0.2 28.70 NOTE
r-devel-windows-x86_64 0.0.0.2 4.00 40.00 44.00 NOTE
r-devel-windows-x86_64-gcc10-UCRT 0.0.0.2 NOTE
r-patched-linux-x86_64 0.0.0.2 1.86 21.17 23.03 NOTE
r-patched-solaris-x86 0.0.0.2 46.50 NOTE
r-release-linux-x86_64 0.0.0.2 1.92 21.22 23.14 NOTE
r-release-macos-arm64 0.0.0.2 NOTE
r-release-macos-x86_64 0.0.0.2 NOTE
r-release-windows-ix86+x86_64 0.0.0.2 9.00 38.00 47.00 NOTE
r-oldrel-macos-x86_64 0.0.0.2 OK
r-oldrel-windows-ix86+x86_64 0.0.0.2 5.00 37.00 42.00 OK

Check Details

Version: 0.0.0.2
Check: LazyData
Result: NOTE
     'LazyData' is specified without a 'data' directory
Flavors: r-devel-linux-x86_64-debian-clang, r-devel-linux-x86_64-debian-gcc, r-devel-linux-x86_64-fedora-clang, r-devel-linux-x86_64-fedora-gcc, r-devel-windows-x86_64, r-devel-windows-x86_64-gcc10-UCRT, r-patched-linux-x86_64, r-patched-solaris-x86, r-release-linux-x86_64, r-release-macos-arm64, r-release-macos-x86_64, r-release-windows-ix86+x86_64