CRAN Package Check Results for Package InfiniumPurify

Last updated on 2021-10-24 10:04:09 CEST.

Flavor Version Tinstall Tcheck Ttotal Status Flags
r-devel-linux-x86_64-debian-clang 1.3.1 2.61 37.96 40.57 OK
r-devel-linux-x86_64-debian-gcc 1.3.1 1.99 28.15 30.14 OK
r-devel-linux-x86_64-fedora-clang 1.3.1 61.63 NOTE
r-devel-linux-x86_64-fedora-gcc 1.3.1 48.29 OK
r-devel-windows-x86_64 1.3.1 5.00 45.00 50.00 OK
r-devel-windows-x86_64-gcc10-UCRT 1.3.1 OK
r-patched-linux-x86_64 1.3.1 2.58 37.11 39.69 OK
r-patched-solaris-x86 1.3.1 70.80 OK
r-release-linux-x86_64 1.3.1 2.38 36.38 38.76 OK
r-release-macos-arm64 1.3.1 NOTE
r-release-macos-x86_64 1.3.1 OK
r-release-windows-ix86+x86_64 1.3.1 4.00 55.00 59.00 OK
r-oldrel-macos-x86_64 1.3.1 OK
r-oldrel-windows-ix86+x86_64 1.3.1 5.00 59.00 64.00 OK

Check Details

Version: 1.3.1
Check: Rd cross-references
Result: NOTE
    Undeclared package ‘minfi’ in Rd xrefs
Flavor: r-devel-linux-x86_64-fedora-clang

Version: 1.3.1
Check: Rd cross-references
Result: NOTE
    Package unavailable to check Rd xrefs: ‘minfi’
Flavor: r-release-macos-arm64