CRAN Package Check Results for Package ISOcodes

Last updated on 2021-12-07 10:50:25 CET.

Flavor Version Tinstall Tcheck Ttotal Status Flags
r-devel-linux-x86_64-debian-clang 2021.02.24 1.89 22.16 24.05 OK
r-devel-linux-x86_64-debian-gcc 2021.02.24 1.42 17.63 19.05 OK
r-devel-linux-x86_64-fedora-clang 2021.02.24 31.97 NOTE
r-devel-linux-x86_64-fedora-gcc 2021.02.24 20.36 NOTE
r-devel-windows-x86_64-new-UL 2021.02.24 6.00 40.00 46.00 OK
r-devel-windows-x86_64-new-TK 2021.02.24 NOTE
r-devel-windows-x86_64-old 2021.02.24 3.00 26.00 29.00 OK
r-patched-linux-x86_64 2021.02.24 1.62 21.10 22.72 OK
r-release-linux-x86_64 2021.02.24 1.67 21.22 22.89 OK
r-release-macos-arm64 2021.02.24 NOTE
r-release-macos-x86_64 2021.02.24 NOTE
r-release-windows-ix86+x86_64 2021.02.24 4.00 25.00 29.00 OK
r-oldrel-macos-x86_64 2021.02.24 NOTE
r-oldrel-windows-ix86+x86_64 2021.02.24 4.00 26.00 30.00 OK

Check Details

Version: 2021.02.24
Check: Rd cross-references
Result: NOTE
    Undeclared package ‘Unicode’ in Rd xrefs
Flavor: r-devel-linux-x86_64-fedora-clang

Version: 2021.02.24
Check: data for non-ASCII characters
Result: NOTE
     Note: found 7418 marked UTF-8 strings
Flavors: r-devel-linux-x86_64-fedora-clang, r-devel-linux-x86_64-fedora-gcc, r-devel-windows-x86_64-new-TK, r-release-macos-arm64, r-release-macos-x86_64, r-oldrel-macos-x86_64