Last updated on 2024-04-19 10:57:28 CEST.
Flavor | Version | Tinstall | Tcheck | Ttotal | Status | Flags |
---|---|---|---|---|---|---|
r-devel-linux-x86_64-debian-clang | 1.0.5 | 3.73 | 303.99 | 307.72 | NOTE | |
r-devel-linux-x86_64-debian-gcc | 1.0.5 | NOTE | ||||
r-devel-linux-x86_64-fedora-clang | 1.0.5 | 357.33 | NOTE | |||
r-devel-linux-x86_64-fedora-gcc | 1.0.5 | 373.44 | NOTE | |||
r-prerel-macos-arm64 | 1.0.5 | 100.00 | NOTE | |||
r-prerel-windows-x86_64 | 1.0.5 | 4.00 | 195.00 | 199.00 | NOTE | |
r-patched-linux-x86_64 | 1.0.5 | 3.84 | 278.86 | 282.70 | NOTE | |
r-release-linux-x86_64 | 1.0.5 | 3.85 | 280.17 | 284.02 | NOTE | |
r-release-macos-arm64 | 1.0.5 | 110.00 | NOTE | |||
r-release-macos-x86_64 | 1.0.5 | 171.00 | NOTE | |||
r-release-windows-x86_64 | 1.0.5 | 5.00 | 243.00 | 248.00 | NOTE | |
r-oldrel-macos-arm64 | 1.0.5 | 78.00 | NOTE | |||
r-oldrel-windows-x86_64 | 1.0.5 | 5.00 | 252.00 | 257.00 | NOTE |
Version: 1.0.5
Check: LazyData
Result: NOTE
'LazyData' is specified without a 'data' directory
Flavors: r-devel-linux-x86_64-debian-clang, r-devel-linux-x86_64-debian-gcc, r-devel-linux-x86_64-fedora-clang, r-devel-linux-x86_64-fedora-gcc, r-prerel-macos-arm64, r-prerel-windows-x86_64, r-patched-linux-x86_64, r-release-linux-x86_64, r-release-macos-arm64, r-release-macos-x86_64, r-release-windows-x86_64, r-oldrel-macos-arm64, r-oldrel-windows-x86_64