CRAN Package Check Results for Package IRCcheck

Last updated on 2021-10-18 09:54:46 CEST.

Flavor Version Tinstall Tcheck Ttotal Status Flags
r-devel-linux-x86_64-debian-clang 1.0.0 5.00 49.37 54.37 OK
r-devel-linux-x86_64-debian-gcc 1.0.0 3.83 38.04 41.87 OK
r-devel-linux-x86_64-fedora-clang 1.0.0 72.61 NOTE
r-devel-linux-x86_64-fedora-gcc 1.0.0 62.59 NOTE
r-devel-windows-x86_64 1.0.0 9.00 70.00 79.00 OK
r-devel-windows-x86_64-gcc10-UCRT 1.0.0 NOTE
r-patched-linux-x86_64 1.0.0 4.69 46.09 50.78 OK
r-patched-solaris-x86 1.0.0 91.70 NOTE
r-release-linux-x86_64 1.0.0 4.79 45.43 50.22 OK
r-release-macos-arm64 1.0.0 NOTE
r-release-macos-x86_64 1.0.0 NOTE
r-release-windows-ix86+x86_64 1.0.0 17.00 68.00 85.00 OK
r-oldrel-macos-x86_64 1.0.0 NOTE
r-oldrel-windows-ix86+x86_64 1.0.0 15.00 71.00 86.00 OK

Check Details

Version: 1.0.0
Check: dependencies in R code
Result: NOTE
    Namespaces in Imports field not imported from:
     ‘Rdpack’ ‘glmnet’
     All declared Imports should be used.
Flavors: r-devel-linux-x86_64-fedora-clang, r-devel-linux-x86_64-fedora-gcc, r-devel-windows-x86_64-gcc10-UCRT, r-patched-solaris-x86, r-release-macos-arm64, r-release-macos-x86_64, r-oldrel-macos-x86_64