CRAN Package Check Results for Package IPDFileCheck

Last updated on 2021-10-23 10:56:55 CEST.

Flavor Version Tinstall Tcheck Ttotal Status Flags
r-devel-linux-x86_64-debian-clang 0.7.2 15.29 429.80 445.09 OK
r-devel-linux-x86_64-debian-gcc 0.7.2 11.44 304.57 316.01 OK
r-devel-linux-x86_64-fedora-clang 0.7.2 596.52 NOTE
r-devel-linux-x86_64-fedora-gcc 0.7.2 189.09 NOTE
r-devel-windows-x86_64 0.7.2 30.00 282.00 312.00 OK
r-devel-windows-x86_64-gcc10-UCRT 0.7.2 NOTE
r-patched-linux-x86_64 0.7.2 13.56 411.19 424.75 OK
r-patched-solaris-x86 0.7.2 743.50 NOTE
r-release-linux-x86_64 0.7.2 13.65 396.20 409.85 OK
r-release-macos-arm64 0.7.2 NOTE
r-release-macos-x86_64 0.7.2 NOTE
r-release-windows-ix86+x86_64 0.7.2 31.00 269.00 300.00 OK
r-oldrel-macos-x86_64 0.7.2 NOTE
r-oldrel-windows-ix86+x86_64 0.7.2 48.00 261.00 309.00 OK

Check Details

Version: 0.7.2
Check: dependencies in R code
Result: NOTE
    Namespaces in Imports field not imported from:
     ‘testthat’ ‘tidyverse’
     All declared Imports should be used.
Flavors: r-devel-linux-x86_64-fedora-clang, r-devel-linux-x86_64-fedora-gcc, r-devel-windows-x86_64-gcc10-UCRT, r-patched-solaris-x86, r-release-macos-arm64, r-release-macos-x86_64, r-oldrel-macos-x86_64