CRAN Package Check Results for Package IDE

Last updated on 2021-07-27 09:53:23 CEST.

Flavor Version Tinstall Tcheck Ttotal Status Flags
r-devel-linux-x86_64-debian-clang 0.3.0 14.84 177.30 192.14 NOTE
r-devel-linux-x86_64-debian-gcc 0.3.0 15.23 130.81 146.04 NOTE
r-devel-linux-x86_64-fedora-clang 0.3.0 242.13 NOTE
r-devel-linux-x86_64-fedora-gcc 0.3.0 229.57 NOTE
r-devel-windows-x86_64 0.3.0 22.00 213.00 235.00 NOTE
r-devel-windows-x86_64-gcc10-UCRT 0.3.0 NOTE
r-patched-linux-x86_64 0.3.0 16.35 164.78 181.13 NOTE
r-patched-solaris-x86 0.3.0 347.60 NOTE
r-release-linux-x86_64 0.3.0 11.39 165.10 176.49 NOTE
r-release-macos-arm64 0.3.0 NOTE
r-release-macos-x86_64 0.3.0 NOTE
r-release-windows-ix86+x86_64 0.3.0 43.00 155.00 198.00 NOTE
r-oldrel-macos-x86_64 0.3.0 OK
r-oldrel-windows-ix86+x86_64 0.3.0 44.00 211.00 255.00 OK

Check Details

Version: 0.3.0
Check: LazyData
Result: NOTE
     'LazyData' is specified without a 'data' directory
Flavors: r-devel-linux-x86_64-debian-clang, r-devel-linux-x86_64-debian-gcc, r-devel-linux-x86_64-fedora-clang, r-devel-linux-x86_64-fedora-gcc, r-devel-windows-x86_64, r-devel-windows-x86_64-gcc10-UCRT, r-patched-linux-x86_64, r-patched-solaris-x86, r-release-linux-x86_64, r-release-macos-arm64, r-release-macos-x86_64, r-release-windows-ix86+x86_64