CRAN Package Check Results for Package IBrokers

Last updated on 2021-10-21 09:54:53 CEST.

Flavor Version Tinstall Tcheck Ttotal Status Flags
r-devel-linux-x86_64-debian-clang 0.9-12 7.16 52.12 59.28 NOTE
r-devel-linux-x86_64-debian-gcc 0.9-12 4.64 40.94 45.58 NOTE
r-devel-linux-x86_64-fedora-clang 0.9-12 82.68 NOTE
r-devel-linux-x86_64-fedora-gcc 0.9-12 70.96 NOTE
r-devel-windows-x86_64 0.9-12 9.00 81.00 90.00 NOTE
r-devel-windows-x86_64-gcc10-UCRT 0.9-12 NOTE
r-patched-linux-x86_64 0.9-12 5.77 51.66 57.43 NOTE
r-patched-solaris-x86 0.9-12 101.50 NOTE
r-release-linux-x86_64 0.9-12 6.96 51.77 58.73 NOTE
r-release-macos-arm64 0.9-12 NOTE
r-release-macos-x86_64 0.9-12 NOTE
r-release-windows-ix86+x86_64 0.9-12 8.00 96.00 104.00 NOTE
r-oldrel-macos-x86_64 0.9-12 NOTE
r-oldrel-windows-ix86+x86_64 0.9-12 12.00 83.00 95.00 NOTE

Check Details

Version: 0.9-12
Check: R code for possible problems
Result: NOTE
    ..placeOrder: no visible global function definition for 'str'
    .reqMktData.vignette: no visible global function definition for
     'flush.console'
    e_portfolio_value: no visible global function definition for 'str'
    print.eventPortfolioValue: no visible global function definition for
     'str'
    print.twsContract: no visible global function definition for 'str'
    print.twsContractDetails: no visible global function definition for
     'str'
    print.twsOrder: no visible global function definition for 'str'
    print.twsOrderState: no visible global function definition for 'str'
    print.twsScannerSubscription: no visible global function definition for
     'str'
    reqAccountUpdates: no visible binding for global variable 'timestamp'
    reqContractDetails: no visible binding for global variable 'timestamp'
    reqHistoricalData: no visible global function definition for
     'flush.console'
    reqHistoricalData: no visible global function definition for
     'write.table'
    Undefined global functions or variables:
     flush.console str timestamp write.table
    Consider adding
     importFrom("utils", "flush.console", "str", "timestamp", "write.table")
    to your NAMESPACE file.
Flavors: r-devel-linux-x86_64-debian-clang, r-devel-linux-x86_64-debian-gcc, r-devel-linux-x86_64-fedora-clang, r-devel-linux-x86_64-fedora-gcc, r-devel-windows-x86_64, r-devel-windows-x86_64-gcc10-UCRT, r-patched-linux-x86_64, r-patched-solaris-x86, r-release-linux-x86_64, r-release-macos-arm64, r-release-macos-x86_64, r-release-windows-ix86+x86_64, r-oldrel-macos-x86_64, r-oldrel-windows-ix86+x86_64