Last updated on 2024-04-23 10:54:05 CEST.
Flavor | Version | Tinstall | Tcheck | Ttotal | Status | Flags |
---|---|---|---|---|---|---|
r-devel-linux-x86_64-debian-clang | 3.0-13 | 24.72 | 211.68 | 236.40 | NOTE | |
r-devel-linux-x86_64-debian-gcc | 3.0-13 | 20.60 | 148.48 | 169.08 | NOTE | |
r-devel-linux-x86_64-fedora-clang | 3.0-13 | 288.64 | NOTE | |||
r-devel-linux-x86_64-fedora-gcc | 3.0-13 | 281.68 | NOTE | |||
r-prerel-macos-arm64 | 3.0-13 | 73.00 | NOTE | |||
r-prerel-windows-x86_64 | 3.0-13 | 23.00 | 136.00 | 159.00 | NOTE | |
r-patched-linux-x86_64 | 3.0-13 | 30.15 | 196.40 | 226.55 | NOTE | |
r-release-linux-x86_64 | 3.0-13 | 22.61 | 200.73 | 223.34 | OK | |
r-release-macos-arm64 | 3.0-13 | 82.00 | OK | |||
r-release-macos-x86_64 | 3.0-13 | 141.00 | OK | |||
r-release-windows-x86_64 | 3.0-13 | 30.00 | 190.00 | 220.00 | OK | |
r-oldrel-macos-arm64 | 3.0-13 | 72.00 | OK | |||
r-oldrel-windows-x86_64 | 3.0-13 | 30.00 | 191.00 | 221.00 | OK |
Version: 3.0-13
Check: Rd files
Result: NOTE
checkRd: (-1) sampleMcmc.Rd:93: Lost braces; missing escapes or markup?
93 | disable some of them, by adding a \code{$UPDATER_NAME=FALSE} pair to the {updater} argument. Another usage of
| ^
Flavors: r-devel-linux-x86_64-debian-clang, r-devel-linux-x86_64-debian-gcc, r-devel-linux-x86_64-fedora-clang, r-devel-linux-x86_64-fedora-gcc, r-prerel-macos-arm64, r-prerel-windows-x86_64, r-patched-linux-x86_64