CRAN Package Check Results for Package HeteroGGM

Last updated on 2021-10-21 09:54:53 CEST.

Flavor Version Tinstall Tcheck Ttotal Status Flags
r-devel-linux-x86_64-debian-clang 0.1.0 4.16 39.04 43.20 OK
r-devel-linux-x86_64-debian-gcc 0.1.0 3.14 30.50 33.64 OK
r-devel-linux-x86_64-fedora-clang 0.1.0 64.03 NOTE
r-devel-linux-x86_64-fedora-gcc 0.1.0 51.99 NOTE
r-devel-windows-x86_64 0.1.0 9.00 58.00 67.00 OK
r-devel-windows-x86_64-gcc10-UCRT 0.1.0 ERROR
r-patched-linux-x86_64 0.1.0 4.01 37.33 41.34 OK
r-patched-solaris-x86 0.1.0 80.60 NOTE
r-release-linux-x86_64 0.1.0 4.01 37.55 41.56 OK
r-release-macos-arm64 0.1.0 NOTE
r-release-macos-x86_64 0.1.0 NOTE
r-release-windows-ix86+x86_64 0.1.0 5.00 62.00 67.00 OK
r-oldrel-macos-x86_64 0.1.0 NOTE
r-oldrel-windows-ix86+x86_64 0.1.0 8.00 57.00 65.00 OK

Check Details

Version: 0.1.0
Check: dependencies in R code
Result: NOTE
    Namespaces in Imports field not imported from:
     ‘MASS’ ‘Matrix’
     All declared Imports should be used.
Flavors: r-devel-linux-x86_64-fedora-clang, r-devel-linux-x86_64-fedora-gcc, r-patched-solaris-x86, r-release-macos-arm64, r-release-macos-x86_64, r-oldrel-macos-x86_64

Version: 0.1.0
Check: package dependencies
Result: ERROR
    Package required but not available: 'igraph'
    
    See section 'The DESCRIPTION file' in the 'Writing R Extensions'
    manual.
Flavor: r-devel-windows-x86_64-gcc10-UCRT