CRAN Package Check Results for Package HPbayes

Last updated on 2021-10-24 10:04:08 CEST.

Flavor Version Tinstall Tcheck Ttotal Status Flags
r-devel-linux-x86_64-debian-clang 0.1 2.98 50.57 53.55 NOTE
r-devel-linux-x86_64-debian-gcc 0.1 2.95 37.86 40.81 NOTE
r-devel-linux-x86_64-fedora-clang 0.1 77.14 NOTE
r-devel-linux-x86_64-fedora-gcc 0.1 65.84 NOTE
r-devel-windows-x86_64 0.1 6.00 52.00 58.00 NOTE
r-devel-windows-x86_64-gcc10-UCRT 0.1 NOTE
r-patched-linux-x86_64 0.1 4.35 49.33 53.68 NOTE
r-patched-solaris-x86 0.1 85.20 NOTE
r-release-linux-x86_64 0.1 3.42 48.84 52.26 NOTE
r-release-macos-arm64 0.1 NOTE
r-release-macos-x86_64 0.1 NOTE
r-release-windows-ix86+x86_64 0.1 6.00 64.00 70.00 NOTE
r-oldrel-macos-x86_64 0.1 NOTE
r-oldrel-windows-ix86+x86_64 0.1 8.00 66.00 74.00 NOTE

Check Details

Version: 0.1
Check: DESCRIPTION meta-information
Result: NOTE
    Malformed Description field: should contain one or more complete sentences.
Flavors: r-devel-linux-x86_64-debian-clang, r-devel-linux-x86_64-debian-gcc, r-devel-linux-x86_64-fedora-clang, r-devel-linux-x86_64-fedora-gcc, r-devel-windows-x86_64, r-devel-windows-x86_64-gcc10-UCRT, r-patched-linux-x86_64, r-patched-solaris-x86, r-release-linux-x86_64, r-release-macos-arm64, r-release-macos-x86_64, r-release-windows-ix86+x86_64, r-oldrel-macos-x86_64, r-oldrel-windows-ix86+x86_64

Version: 0.1
Check: R code for possible problems
Result: NOTE
    hpbayes.plot: no visible global function definition for 'par'
    hpbayes.plot: no visible global function definition for 'points'
    postpri.plot: no visible global function definition for 'par'
    postpri.plot: no visible global function definition for 'points'
    postpri.plot: no visible global function definition for 'segments'
    postpri.plot: no visible global function definition for 'boxplot'
    Undefined global functions or variables:
     boxplot par points segments
    Consider adding
     importFrom("graphics", "boxplot", "par", "points", "segments")
    to your NAMESPACE file.
Flavors: r-devel-linux-x86_64-debian-clang, r-devel-linux-x86_64-debian-gcc, r-devel-linux-x86_64-fedora-clang, r-devel-linux-x86_64-fedora-gcc, r-devel-windows-x86_64, r-devel-windows-x86_64-gcc10-UCRT, r-patched-linux-x86_64, r-patched-solaris-x86, r-release-linux-x86_64, r-release-macos-arm64, r-release-macos-x86_64, r-release-windows-ix86+x86_64, r-oldrel-macos-x86_64, r-oldrel-windows-ix86+x86_64