CRAN Package Check Results for Package HMMEsolver

Last updated on 2021-10-25 09:55:22 CEST.

Flavor Version Tinstall Tcheck Ttotal Status Flags
r-devel-linux-x86_64-debian-clang 0.1.2 46.21 25.50 71.71 NOTE
r-devel-linux-x86_64-debian-gcc 0.1.2 34.48 20.81 55.29 NOTE
r-devel-linux-x86_64-fedora-clang 0.1.2 124.42 NOTE
r-devel-linux-x86_64-fedora-gcc 0.1.2 99.43 NOTE
r-devel-windows-x86_64 0.1.2 70.00 42.00 112.00 NOTE
r-devel-windows-x86_64-gcc10-UCRT 0.1.2 NOTE
r-patched-linux-x86_64 0.1.2 45.76 25.02 70.78 NOTE
r-patched-solaris-x86 0.1.2 102.40 NOTE
r-release-linux-x86_64 0.1.2 43.51 25.26 68.77 NOTE
r-release-macos-arm64 0.1.2 NOTE
r-release-macos-x86_64 0.1.2 NOTE
r-release-windows-ix86+x86_64 0.1.2 101.00 69.00 170.00 NOTE
r-oldrel-macos-x86_64 0.1.2 OK
r-oldrel-windows-ix86+x86_64 0.1.2 136.00 67.00 203.00 OK

Check Details

Version: 0.1.2
Check: LazyData
Result: NOTE
     'LazyData' is specified without a 'data' directory
Flavors: r-devel-linux-x86_64-debian-clang, r-devel-linux-x86_64-debian-gcc, r-devel-linux-x86_64-fedora-clang, r-devel-linux-x86_64-fedora-gcc, r-devel-windows-x86_64, r-devel-windows-x86_64-gcc10-UCRT, r-patched-linux-x86_64, r-patched-solaris-x86, r-release-linux-x86_64, r-release-macos-arm64, r-release-macos-x86_64, r-release-windows-ix86+x86_64