Last updated on 2024-08-13 09:48:16 CEST.
Flavor | Version | Tinstall | Tcheck | Ttotal | Status | Flags |
---|---|---|---|---|---|---|
r-devel-linux-x86_64-debian-clang | 3.1-52 | 28.17 | 296.91 | 325.08 | NOTE | |
r-devel-linux-x86_64-debian-gcc | 3.1-52 | 18.96 | 195.43 | 214.39 | NOTE | |
r-devel-linux-x86_64-fedora-clang | 3.1-52 | 536.59 | OK | |||
r-devel-linux-x86_64-fedora-gcc | 3.1-52 | 481.64 | OK | |||
r-devel-windows-x86_64 | 3.1-52 | 31.00 | 320.00 | 351.00 | NOTE | |
r-patched-linux-x86_64 | 3.1-52 | 36.97 | 272.85 | 309.82 | OK | |
r-release-linux-x86_64 | 3.1-52 | 29.03 | 273.34 | 302.37 | OK | |
r-release-macos-arm64 | 3.1-52 | 126.00 | OK | |||
r-release-macos-x86_64 | 3.1-52 | 201.00 | OK | |||
r-release-windows-x86_64 | 3.1-52 | 32.00 | 320.00 | 352.00 | OK | |
r-oldrel-macos-arm64 | 3.1-52 | 134.00 | OK | |||
r-oldrel-macos-x86_64 | 3.1-52 | 367.00 | OK | |||
r-oldrel-windows-x86_64 | 3.1-52 | 41.00 | 408.00 | 449.00 | OK |
Version: 3.1-52
Check: Rd cross-references
Result: NOTE
Found the following Rd file(s) with Rd \link{} targets missing package
anchors:
ResizeEtc.likertPlot.Rd: barchart
ToBW.likert.Rd: panel.bwplot
ancovaplot.Rd: panel.superpose, panel.xyplot
latticeresids.Rd: xyplot
likertWeighted.Rd: xyplot, panel.bwplot
lmatPairwise.Rd: mcp
residual.plots.lattice.Rd: xyplot
useOuterScales.Rd: trellis.par.get, xyplot, panel.axis
Please provide package anchors for all Rd \link{} targets not in the
package itself and the base packages.
Flavors: r-devel-linux-x86_64-debian-clang, r-devel-linux-x86_64-debian-gcc, r-devel-windows-x86_64