Last updated on 2024-04-23 10:54:05 CEST.
Flavor | Version | Tinstall | Tcheck | Ttotal | Status | Flags |
---|---|---|---|---|---|---|
r-devel-linux-x86_64-debian-clang | 1.1-0 | 12.96 | 113.87 | 126.83 | OK | |
r-devel-linux-x86_64-debian-gcc | 1.1-0 | 9.90 | 83.69 | 93.59 | OK | |
r-devel-linux-x86_64-fedora-clang | 1.1-0 | 153.48 | OK | |||
r-devel-linux-x86_64-fedora-gcc | 1.1-0 | 158.53 | OK | |||
r-prerel-macos-arm64 | 1.1-0 | 48.00 | OK | |||
r-prerel-windows-x86_64 | 1.1-0 | 11.00 | 120.00 | 131.00 | OK | |
r-patched-linux-x86_64 | 1.1-0 | 12.17 | 108.53 | 120.70 | OK | |
r-release-linux-x86_64 | 1.1-0 | 10.59 | 111.04 | 121.63 | OK | |
r-release-macos-arm64 | 1.1-0 | 57.00 | OK | |||
r-release-macos-x86_64 | 1.1-0 | 91.00 | NOTE | |||
r-release-windows-x86_64 | 1.1-0 | 15.00 | 136.00 | 151.00 | OK | |
r-oldrel-macos-arm64 | 1.1-0 | 51.00 | OK | |||
r-oldrel-windows-x86_64 | 1.1-0 | 15.00 | 136.00 | 151.00 | OK |
Version: 1.1-0
Check: re-building of vignette outputs
Result: NOTE
Error(s) in re-building vignettes:
...
--- re-building ‘HAC.Rnw’ using Sweave
Loading required package: copula
Warning in hac2nacopula(hac) : NAs introduced by coercion
Error: processing vignette 'HAC.Rnw' failed with diagnostics:
Running 'texi2dvi' on 'HAC.tex' failed.
LaTeX errors:
! LaTeX Error: File `german.sty' not found.
Type X to quit or <RETURN> to proceed,
or enter new name. (Default extension: sty)
! Emergency stop.
<read *>
l.47 \selectlanguage
{english}^^M
! ==> Fatal error occurred, no output PDF file produced!
--- failed re-building 'HAC.Rnw'
SUMMARY: processing the following file failed:
'HAC.Rnw'
Error: Vignette re-building failed.
Execution halted
Flavor: r-release-macos-x86_64