Last updated on 2024-03-29 11:53:53 CET.
Flavor | Version | Tinstall | Tcheck | Ttotal | Status | Flags |
---|---|---|---|---|---|---|
r-devel-linux-x86_64-debian-clang | 1.0.1 | 83.09 | 63.22 | 146.31 | NOTE | |
r-devel-linux-x86_64-debian-gcc | 1.0.1 | 68.99 | 49.66 | 118.65 | NOTE | |
r-devel-linux-x86_64-fedora-clang | 1.0.1 | 211.10 | NOTE | |||
r-devel-linux-x86_64-fedora-gcc | 1.0.1 | 227.86 | NOTE | |||
r-devel-windows-x86_64 | 1.0.1 | 72.00 | 112.00 | 184.00 | NOTE | |
r-patched-linux-x86_64 | 1.0.1 | 84.97 | 63.46 | 148.43 | NOTE | |
r-release-linux-x86_64 | 1.0.1 | 87.28 | 62.24 | 149.52 | NOTE | |
r-release-macos-arm64 | 1.0.1 | 63.00 | NOTE | |||
r-release-macos-x86_64 | 1.0.1 | 96.00 | NOTE | |||
r-release-windows-x86_64 | 1.0.1 | 88.00 | 131.00 | 219.00 | NOTE | |
r-oldrel-macos-arm64 | 1.0.1 | 57.00 | NOTE | |||
r-oldrel-windows-x86_64 | 1.0.1 | 87.00 | 125.00 | 212.00 | OK |
Version: 1.0.1
Check: C++ specification
Result: NOTE
Specified C++11: please drop specification unless essential
Flavors: r-devel-linux-x86_64-debian-clang, r-devel-linux-x86_64-debian-gcc, r-devel-linux-x86_64-fedora-clang, r-devel-linux-x86_64-fedora-gcc, r-devel-windows-x86_64, r-patched-linux-x86_64, r-release-linux-x86_64, r-release-macos-arm64, r-release-macos-x86_64, r-release-windows-x86_64
Version: 1.0.1
Check: compiled code
Result: NOTE
File ‘GiRaF/libs/GiRaF.so’:
Found no calls to: ‘R_registerRoutines’, ‘R_useDynamicSymbols’
It is good practice to register native routines and to disable symbol
search.
See ‘Writing portable packages’ in the ‘Writing R Extensions’ manual.
Flavors: r-devel-linux-x86_64-fedora-clang, r-devel-linux-x86_64-fedora-gcc
Version: 1.0.1
Check: installed package size
Result: NOTE
installed size is 7.1Mb
sub-directories of 1Mb or more:
libs 6.7Mb
Flavors: r-release-macos-arm64, r-release-macos-x86_64, r-oldrel-macos-arm64