CRAN Package Check Results for Package GetFREData

Last updated on 2021-07-25 09:50:19 CEST.

Flavor Version Tinstall Tcheck Ttotal Status Flags
r-devel-linux-x86_64-debian-clang 0.6 2.43 27.83 30.26 OK
r-devel-linux-x86_64-debian-gcc 0.6 2.38 21.87 24.25 OK
r-devel-linux-x86_64-fedora-clang 0.6 48.09 NOTE
r-devel-linux-x86_64-fedora-gcc 0.6 36.81 NOTE
r-devel-windows-x86_64 0.6 5.00 32.00 37.00 OK
r-devel-windows-x86_64-gcc10-UCRT 0.6 NOTE
r-patched-linux-x86_64 0.6 2.90 27.07 29.97 OK
r-patched-solaris-x86 0.6 57.90 NOTE
r-release-linux-x86_64 0.6 2.85 27.01 29.86 OK
r-release-macos-arm64 0.6 NOTE
r-release-macos-x86_64 0.6 NOTE
r-release-windows-ix86+x86_64 0.6 7.00 32.00 39.00 OK
r-oldrel-macos-x86_64 0.6 NOTE
r-oldrel-windows-ix86+x86_64 0.6 9.00 41.00 50.00 OK

Check Details

Version: 0.6
Check: dependencies in R code
Result: NOTE
    Namespaces in Imports field not imported from:
     ‘curl’ ‘memoise’ ‘tidyr’
     All declared Imports should be used.
Flavors: r-devel-linux-x86_64-fedora-clang, r-devel-linux-x86_64-fedora-gcc, r-devel-windows-x86_64-gcc10-UCRT, r-patched-solaris-x86, r-release-macos-arm64, r-release-macos-x86_64, r-oldrel-macos-x86_64