CRAN Package Check Results for Package GWSDAT

Last updated on 2021-09-19 09:50:17 CEST.

Flavor Version Tinstall Tcheck Ttotal Status Flags
r-devel-linux-x86_64-debian-clang 3.1.0 22.87 183.14 206.01 OK
r-devel-linux-x86_64-debian-gcc 3.1.0 22.24 135.30 157.54 OK
r-devel-linux-x86_64-fedora-clang 3.1.0 255.99 NOTE
r-devel-linux-x86_64-fedora-gcc 3.1.0 253.57 OK
r-devel-windows-x86_64 3.1.0 25.00 143.00 168.00 OK
r-devel-windows-x86_64-gcc10-UCRT 3.1.0 ERROR
r-patched-linux-x86_64 3.1.0 23.41 172.84 196.25 OK
r-patched-solaris-x86 3.1.0 326.40 OK
r-release-linux-x86_64 3.1.0 17.88 173.07 190.95 OK
r-release-macos-arm64 3.1.0 OK
r-release-macos-x86_64 3.1.0 OK
r-release-windows-ix86+x86_64 3.1.0 53.00 195.00 248.00 OK
r-oldrel-macos-x86_64 3.1.0 OK
r-oldrel-windows-ix86+x86_64 3.1.0 55.00 199.00 254.00 OK

Check Details

Version: 3.1.0
Check: package dependencies
Result: NOTE
    Imports includes 21 non-default packages.
    Importing from so many packages makes the package vulnerable to any of
    them becoming unavailable. Move as many as possible to Suggests and
    use conditionally.
Flavor: r-devel-linux-x86_64-fedora-clang

Version: 3.1.0
Check: whether package can be installed
Result: WARN
    Found the following significant warnings:
     WARNING: installation-time patches will not be applied, could not get the patches index
Flavor: r-devel-windows-x86_64-gcc10-UCRT

Version: 3.1.0
Check: PDF version of manual
Result: WARN
    LaTeX errors when creating PDF version.
    This typically indicates Rd problems.
Flavor: r-devel-windows-x86_64-gcc10-UCRT

Version: 3.1.0
Check: PDF version of manual without hyperrefs or index
Result: ERROR
    Re-running with no redirection of stdout/stderr.
Flavor: r-devel-windows-x86_64-gcc10-UCRT