Last updated on 2024-04-23 10:54:05 CEST.
Flavor | Version | Tinstall | Tcheck | Ttotal | Status | Flags |
---|---|---|---|---|---|---|
r-devel-linux-x86_64-debian-clang | 1.2.2 | 8.11 | 71.91 | 80.02 | NOTE | |
r-devel-linux-x86_64-debian-gcc | 1.2.2 | 6.21 | 55.65 | 61.86 | NOTE | |
r-devel-linux-x86_64-fedora-clang | 1.2.2 | 100.06 | NOTE | |||
r-devel-linux-x86_64-fedora-gcc | 1.2.2 | 95.96 | NOTE | |||
r-prerel-macos-arm64 | 1.2.2 | 32.00 | NOTE | |||
r-prerel-windows-x86_64 | 1.2.2 | 10.00 | 69.00 | 79.00 | NOTE | |
r-patched-linux-x86_64 | 1.2.2 | 7.30 | 69.63 | 76.93 | NOTE | |
r-release-linux-x86_64 | 1.2.2 | 6.64 | 71.04 | 77.68 | NOTE | |
r-release-macos-arm64 | 1.2.2 | 36.00 | NOTE | |||
r-release-macos-x86_64 | 1.2.2 | 56.00 | NOTE | |||
r-release-windows-x86_64 | 1.2.2 | 10.00 | 79.00 | 89.00 | NOTE | |
r-oldrel-macos-arm64 | 1.2.2 | 31.00 | NOTE | |||
r-oldrel-windows-x86_64 | 1.2.2 | 11.00 | 83.00 | 94.00 | NOTE |
Version: 1.2.2
Check: LazyData
Result: NOTE
'LazyData' is specified without a 'data' directory
Flavors: r-devel-linux-x86_64-debian-clang, r-devel-linux-x86_64-debian-gcc, r-devel-linux-x86_64-fedora-clang, r-devel-linux-x86_64-fedora-gcc, r-prerel-macos-arm64, r-prerel-windows-x86_64, r-patched-linux-x86_64, r-release-linux-x86_64, r-release-macos-arm64, r-release-macos-x86_64, r-release-windows-x86_64, r-oldrel-macos-arm64, r-oldrel-windows-x86_64
Version: 1.2.2
Check: dependencies in R code
Result: NOTE
Namespaces in Imports field not imported from:
‘doParallel’ ‘foreach’ ‘spgwr’
All declared Imports should be used.
Flavors: r-devel-linux-x86_64-fedora-clang, r-devel-linux-x86_64-fedora-gcc, r-oldrel-macos-arm64