CRAN Package Check Results for Package GWASinspector

Last updated on 2021-10-16 09:54:19 CEST.

Flavor Version Tinstall Tcheck Ttotal Status Flags
r-devel-linux-x86_64-debian-clang 1.5.2 17.33 115.93 133.26 NOTE
r-devel-linux-x86_64-debian-gcc 1.5.2 13.97 85.98 99.95 NOTE
r-devel-linux-x86_64-fedora-clang 1.5.2 169.58 NOTE
r-devel-linux-x86_64-fedora-gcc 1.5.2 159.16 NOTE
r-devel-windows-x86_64 1.5.2 33.00 115.00 148.00 NOTE
r-devel-windows-x86_64-gcc10-UCRT 1.5.2 NOTE
r-patched-linux-x86_64 1.5.2 17.33 104.60 121.93 NOTE
r-patched-solaris-x86 1.5.2 196.00 NOTE
r-release-linux-x86_64 1.5.2 16.60 102.84 119.44 NOTE
r-release-macos-arm64 1.5.2 NOTE
r-release-macos-x86_64 1.5.2 NOTE
r-release-windows-ix86+x86_64 1.5.2 37.00 124.00 161.00 NOTE
r-oldrel-macos-x86_64 1.5.2 OK
r-oldrel-windows-ix86+x86_64 1.5.2 37.00 125.00 162.00 OK

Check Details

Version: 1.5.2
Check: LazyData
Result: NOTE
     'LazyData' is specified without a 'data' directory
Flavors: r-devel-linux-x86_64-debian-clang, r-devel-linux-x86_64-debian-gcc, r-devel-linux-x86_64-fedora-clang, r-devel-linux-x86_64-fedora-gcc, r-devel-windows-x86_64, r-devel-windows-x86_64-gcc10-UCRT, r-patched-linux-x86_64, r-patched-solaris-x86, r-release-linux-x86_64, r-release-macos-arm64, r-release-macos-x86_64, r-release-windows-ix86+x86_64