Last updated on 2024-04-23 10:54:05 CEST.
Flavor | Version | Tinstall | Tcheck | Ttotal | Status | Flags |
---|---|---|---|---|---|---|
r-devel-linux-x86_64-debian-clang | 2.0.1 | 4.16 | 54.92 | 59.08 | NOTE | |
r-devel-linux-x86_64-debian-gcc | 2.0.1 | 3.96 | 43.31 | 47.27 | NOTE | |
r-devel-linux-x86_64-fedora-clang | 2.0.1 | 75.86 | NOTE | |||
r-devel-linux-x86_64-fedora-gcc | 2.0.1 | 75.70 | NOTE | |||
r-prerel-macos-arm64 | 2.0.1 | 30.00 | OK | |||
r-prerel-macos-x86_64 | 2.0.1 | 54.00 | OK | |||
r-prerel-windows-x86_64 | 2.0.1 | 6.00 | 62.00 | 68.00 | OK | |
r-patched-linux-x86_64 | 2.0.1 | 5.20 | 53.49 | 58.69 | NOTE | |
r-release-linux-x86_64 | 2.0.1 | 3.83 | 55.56 | 59.39 | NOTE | |
r-release-macos-arm64 | 2.0.1 | 31.00 | OK | |||
r-release-macos-x86_64 | 2.0.1 | 44.00 | OK | |||
r-release-windows-x86_64 | 2.0.1 | 5.00 | 67.00 | 72.00 | OK | |
r-oldrel-macos-arm64 | 2.0.1 | 35.00 | OK | |||
r-oldrel-windows-x86_64 | 2.0.1 | 7.00 | 75.00 | 82.00 | OK |
Version: 2.0.1
Check: for non-standard things in the check directory
Result: NOTE
Found the following files/directories:
‘RRprof.out’
Flavors: r-devel-linux-x86_64-debian-clang, r-devel-linux-x86_64-debian-gcc, r-devel-linux-x86_64-fedora-clang, r-devel-linux-x86_64-fedora-gcc, r-patched-linux-x86_64, r-release-linux-x86_64