CRAN Package Check Results for Package GMPro

Last updated on 2021-10-22 09:53:05 CEST.

Flavor Version Tinstall Tcheck Ttotal Status Flags
r-devel-linux-x86_64-debian-clang 0.1.0 4.40 60.38 64.78 NOTE
r-devel-linux-x86_64-debian-gcc 0.1.0 2.81 45.00 47.81 NOTE
r-devel-linux-x86_64-fedora-clang 0.1.0 87.28 NOTE
r-devel-linux-x86_64-fedora-gcc 0.1.0 74.85 NOTE
r-devel-windows-x86_64 0.1.0 7.00 84.00 91.00 NOTE
r-devel-windows-x86_64-gcc10-UCRT 0.1.0 ERROR
r-patched-linux-x86_64 0.1.0 4.11 56.87 60.98 NOTE
r-patched-solaris-x86 0.1.0 101.80 NOTE
r-release-linux-x86_64 0.1.0 3.64 56.70 60.34 NOTE
r-release-macos-arm64 0.1.0 NOTE
r-release-macos-x86_64 0.1.0 NOTE
r-release-windows-ix86+x86_64 0.1.0 6.00 85.00 91.00 NOTE
r-oldrel-macos-x86_64 0.1.0 OK
r-oldrel-windows-ix86+x86_64 0.1.0 9.00 88.00 97.00 OK

Check Details

Version: 0.1.0
Check: LazyData
Result: NOTE
     'LazyData' is specified without a 'data' directory
Flavors: r-devel-linux-x86_64-debian-clang, r-devel-linux-x86_64-debian-gcc, r-devel-linux-x86_64-fedora-clang, r-devel-linux-x86_64-fedora-gcc, r-devel-windows-x86_64, r-patched-linux-x86_64, r-patched-solaris-x86, r-release-linux-x86_64, r-release-macos-arm64, r-release-macos-x86_64, r-release-windows-ix86+x86_64

Version: 0.1.0
Check: package dependencies
Result: ERROR
    Package required but not available: 'igraph'
    
    See section 'The DESCRIPTION file' in the 'Writing R Extensions'
    manual.
Flavor: r-devel-windows-x86_64-gcc10-UCRT