CRAN Package Check Results for Package GMMAT

Last updated on 2021-10-23 10:56:53 CEST.

Flavor Version Tinstall Tcheck Ttotal Status Flags
r-devel-linux-x86_64-debian-clang 1.3.2 76.86 535.47 612.33 OK
r-devel-linux-x86_64-debian-gcc 1.3.2 63.89 406.04 469.93 OK
r-devel-linux-x86_64-fedora-clang 1.3.2 781.00 NOTE
r-devel-linux-x86_64-fedora-gcc 1.3.2 764.04 OK
r-devel-windows-x86_64 1.3.2 109.00 661.00 770.00 NOTE
r-devel-windows-x86_64-gcc10-UCRT 1.3.2 NOTE
r-patched-linux-x86_64 1.3.2 73.18 510.83 584.01 OK
r-release-linux-x86_64 1.3.2 70.18 515.83 586.01 OK
r-release-macos-arm64 1.3.2 NOTE
r-release-macos-x86_64 1.3.2 NOTE
r-release-windows-ix86+x86_64 1.3.2 140.00 789.00 929.00 NOTE
r-oldrel-macos-x86_64 1.3.2 NOTE
r-oldrel-windows-ix86+x86_64 1.3.2 199.00 812.00 1011.00 NOTE

Check Details

Version: 1.3.2
Check: installed package size
Result: NOTE
     installed size is 7.4Mb
     sub-directories of 1Mb or more:
     libs 5.5Mb
Flavors: r-devel-linux-x86_64-fedora-clang, r-release-macos-arm64, r-release-macos-x86_64, r-release-windows-ix86+x86_64, r-oldrel-macos-x86_64, r-oldrel-windows-ix86+x86_64

Version: 1.3.2
Check: package dependencies
Result: NOTE
    Package suggested but not available for checking: 'doMC'
Flavors: r-devel-windows-x86_64, r-devel-windows-x86_64-gcc10-UCRT, r-release-windows-ix86+x86_64, r-oldrel-windows-ix86+x86_64