CRAN Package Check Results for Package GGally

Last updated on 2021-07-25 09:50:19 CEST.

Flavor Version Tinstall Tcheck Ttotal Status Flags
r-devel-linux-x86_64-debian-clang 2.1.2 15.15 327.02 342.17 OK
r-devel-linux-x86_64-debian-gcc 2.1.2 12.00 231.35 243.35 OK
r-devel-linux-x86_64-fedora-clang 2.1.2 391.61 NOTE
r-devel-linux-x86_64-fedora-gcc 2.1.2 403.50 OK
r-devel-windows-x86_64 2.1.2 19.00 254.00 273.00 OK
r-devel-windows-x86_64-gcc10-UCRT 2.1.2 OK
r-patched-linux-x86_64 2.1.2 15.41 294.24 309.65 OK
r-patched-solaris-x86 2.1.2 461.40 OK
r-release-linux-x86_64 2.1.2 12.78 294.35 307.13 OK
r-release-macos-arm64 2.1.2 OK
r-release-macos-x86_64 2.1.2 OK
r-release-windows-ix86+x86_64 2.1.2 29.00 248.00 277.00 OK
r-oldrel-macos-x86_64 2.1.2 OK
r-oldrel-windows-ix86+x86_64 2.1.2 28.00 338.00 366.00 OK

Check Details

Version: 2.1.2
Check: Rd cross-references
Result: NOTE
    Undeclared packages ‘glue’, ‘magrittr’ in Rd xrefs
Flavor: r-devel-linux-x86_64-fedora-clang