Last updated on 2024-03-28 10:49:35 CET.
Flavor | Version | Tinstall | Tcheck | Ttotal | Status | Flags |
---|---|---|---|---|---|---|
r-devel-linux-x86_64-debian-clang | 1.2.2 | 19.68 | 55.24 | 74.92 | OK | |
r-devel-linux-x86_64-debian-gcc | 1.2.2 | 16.45 | 41.26 | 57.71 | OK | |
r-devel-linux-x86_64-fedora-clang | 1.2.2 | 95.49 | NOTE | |||
r-devel-linux-x86_64-fedora-gcc | 1.2.2 | 96.59 | NOTE | |||
r-devel-windows-x86_64 | 1.2.2 | 18.00 | 92.00 | 110.00 | OK | |
r-patched-linux-x86_64 | 1.2.2 | 22.40 | 51.72 | 74.12 | OK | |
r-release-linux-x86_64 | 1.2.2 | 18.50 | 52.29 | 70.79 | OK | |
r-release-macos-arm64 | 1.2.2 | 35.00 | OK | |||
r-release-macos-x86_64 | 1.2.2 | 54.00 | OK | |||
r-release-windows-x86_64 | 1.2.2 | 18.00 | 103.00 | 121.00 | OK | |
r-oldrel-macos-arm64 | 1.2.2 | 32.00 | OK | |||
r-oldrel-windows-x86_64 | 1.2.2 | 27.00 | 95.00 | 122.00 | OK |
Version: 1.2.2
Check: compiled code
Result: NOTE
File ‘GCPM/libs/GCPM.so’:
Found no calls to: ‘R_registerRoutines’, ‘R_useDynamicSymbols’
It is good practice to register native routines and to disable symbol
search.
See ‘Writing portable packages’ in the ‘Writing R Extensions’ manual.
Flavors: r-devel-linux-x86_64-fedora-clang, r-devel-linux-x86_64-fedora-gcc