CRAN Package Check Results for Package GCPM

Last updated on 2021-10-23 10:56:52 CEST.

Flavor Version Tinstall Tcheck Ttotal Status Flags
r-devel-linux-x86_64-debian-clang 1.2.2 17.55 46.91 64.46 OK
r-devel-linux-x86_64-debian-gcc 1.2.2 14.24 36.99 51.23 OK
r-devel-linux-x86_64-fedora-clang 1.2.2 95.49 NOTE
r-devel-linux-x86_64-fedora-gcc 1.2.2 82.72 NOTE
r-devel-windows-x86_64 1.2.2 28.00 67.00 95.00 OK
r-devel-windows-x86_64-gcc10-UCRT 1.2.2 OK
r-patched-linux-x86_64 1.2.2 16.30 46.18 62.48 OK
r-patched-solaris-x86 1.2.2 114.90 OK
r-release-linux-x86_64 1.2.2 15.58 46.15 61.73 OK
r-release-macos-arm64 1.2.2 OK
r-release-macos-x86_64 1.2.2 OK
r-release-windows-ix86+x86_64 1.2.2 32.00 105.00 137.00 OK
r-oldrel-macos-x86_64 1.2.2 OK
r-oldrel-windows-ix86+x86_64 1.2.2 46.00 103.00 149.00 OK

Check Details

Version: 1.2.2
Check: compiled code
Result: NOTE
    File ‘GCPM/libs/GCPM.so’:
     Found no calls to: ‘R_registerRoutines’, ‘R_useDynamicSymbols’
    
    It is good practice to register native routines and to disable symbol
    search.
    
    See ‘Writing portable packages’ in the ‘Writing R Extensions’ manual.
Flavors: r-devel-linux-x86_64-fedora-clang, r-devel-linux-x86_64-fedora-gcc