CRAN Package Check Results for Package GA

Last updated on 2021-09-23 10:53:24 CEST.

Flavor Version Tinstall Tcheck Ttotal Status Flags
r-devel-linux-x86_64-debian-clang 3.2.1 55.67 97.46 153.13 OK
r-devel-linux-x86_64-debian-gcc 3.2.1 38.08 72.51 110.59 OK
r-devel-linux-x86_64-fedora-clang 3.2.1 199.38 NOTE
r-devel-linux-x86_64-fedora-gcc 3.2.1 182.47 OK
r-devel-windows-x86_64 3.2.1 51.00 106.00 157.00 NOTE
r-devel-windows-x86_64-gcc10-UCRT 3.2.1 ERROR
r-patched-linux-x86_64 3.2.1 47.76 93.80 141.56 OK
r-patched-solaris-x86 3.2.1 144.80 NOTE
r-release-linux-x86_64 3.2.1 42.45 94.04 136.49 OK
r-release-macos-arm64 3.2.1 NOTE
r-release-macos-x86_64 3.2.1 NOTE
r-release-windows-ix86+x86_64 3.2.1 115.00 153.00 268.00 NOTE
r-oldrel-macos-x86_64 3.2.1 NOTE
r-oldrel-windows-ix86+x86_64 3.2.1 88.00 121.00 209.00 NOTE

Check Details

Version: 3.2.1
Check: installed package size
Result: NOTE
     installed size is 48.3Mb
     sub-directories of 1Mb or more:
     doc 44.4Mb
     libs 3.3Mb
Flavors: r-devel-linux-x86_64-fedora-clang, r-devel-windows-x86_64, r-patched-solaris-x86, r-release-macos-arm64, r-release-macos-x86_64, r-release-windows-ix86+x86_64, r-oldrel-macos-x86_64, r-oldrel-windows-ix86+x86_64

Version: 3.2.1
Check: whether package can be installed
Result: ERROR
    Installation failed.
Flavor: r-devel-windows-x86_64-gcc10-UCRT