Last updated on 2024-03-28 10:49:34 CET.
Flavor | Version | Tinstall | Tcheck | Ttotal | Status | Flags |
---|---|---|---|---|---|---|
r-devel-linux-x86_64-debian-clang | 0.4.2 | 8.65 | 102.66 | 111.31 | NOTE | |
r-devel-linux-x86_64-debian-gcc | 0.4.2 | 5.44 | 77.02 | 82.46 | NOTE | |
r-devel-linux-x86_64-fedora-clang | 0.4.2 | 135.49 | NOTE | |||
r-devel-linux-x86_64-fedora-gcc | 0.4.2 | 142.92 | NOTE | |||
r-devel-windows-x86_64 | 0.4.2 | 8.00 | 92.00 | 100.00 | NOTE | |
r-patched-linux-x86_64 | 0.4.2 | 4.56 | 99.60 | 104.16 | NOTE | |
r-release-linux-x86_64 | 0.4.2 | 4.69 | 100.01 | 104.70 | OK | |
r-release-macos-arm64 | 0.4.2 | 47.00 | OK | |||
r-release-macos-x86_64 | 0.4.2 | 87.00 | OK | |||
r-release-windows-x86_64 | 0.4.2 | 10.00 | 107.00 | 117.00 | OK | |
r-oldrel-macos-arm64 | 0.4.2 | 54.00 | OK | |||
r-oldrel-windows-x86_64 | 0.4.2 | 10.00 | 109.00 | 119.00 | OK |
Version: 0.4.2
Check: Rd files
Result: NOTE
checkRd: (-1) funnel_plot.Rd:50: Lost braces in \itemize; meant \describe ?
checkRd: (-1) funnel_plot.Rd:51: Lost braces in \itemize; meant \describe ?
checkRd: (-1) funnel_plot.Rd:52: Lost braces in \itemize; meant \describe ?
checkRd: (-1) funnel_plot.Rd:53: Lost braces in \itemize; meant \describe ?
checkRd: (-1) funnel_plot.Rd:54: Lost braces in \itemize; meant \describe ?
checkRd: (-1) funnel_plot.Rd:55: Lost braces in \itemize; meant \describe ?
checkRd: (-1) funnel_plot.Rd:56: Lost braces in \itemize; meant \describe ?
checkRd: (-1) funnel_plot.Rd:57: Lost braces in \itemize; meant \describe ?
Flavors: r-devel-linux-x86_64-debian-clang, r-devel-linux-x86_64-debian-gcc, r-devel-linux-x86_64-fedora-clang, r-devel-linux-x86_64-fedora-gcc, r-devel-windows-x86_64, r-patched-linux-x86_64
Version: 0.4.2
Check: Rd \usage sections
Result: NOTE
Documented arguments not in \usage in Rd file 'build_limits_lookup.Rd':
‘min_preds’ ‘max_preds’ ‘min_ratio’ ‘max_ratio’ ‘draw_unadjusted’
Functions with \usage entries need to have the appropriate \alias
entries, and all their arguments documented.
The \usage entries must correspond to syntactically valid R code.
See chapter ‘Writing R documentation files’ in the ‘Writing R
Extensions’ manual.
Flavors: r-devel-linux-x86_64-debian-clang, r-devel-linux-x86_64-debian-gcc, r-devel-linux-x86_64-fedora-clang, r-devel-linux-x86_64-fedora-gcc, r-devel-windows-x86_64, r-patched-linux-x86_64