Last updated on 2024-04-23 10:54:03 CEST.
Flavor | Version | Tinstall | Tcheck | Ttotal | Status | Flags |
---|---|---|---|---|---|---|
r-devel-linux-x86_64-debian-clang | 0.2.7 | 4.64 | 254.03 | 258.67 | NOTE | |
r-devel-linux-x86_64-debian-gcc | 0.2.7 | 4.75 | 156.91 | 161.66 | NOTE | |
r-devel-linux-x86_64-fedora-clang | 0.2.7 | 306.42 | NOTE | |||
r-devel-linux-x86_64-fedora-gcc | 0.2.7 | 297.44 | NOTE | |||
r-prerel-macos-arm64 | 0.2.7 | 68.00 | NOTE | |||
r-prerel-windows-x86_64 | 0.2.7 | 6.00 | 168.00 | 174.00 | NOTE | |
r-patched-linux-x86_64 | 0.2.7 | 4.82 | 233.51 | 238.33 | NOTE | |
r-release-linux-x86_64 | 0.2.7 | 6.66 | 238.07 | 244.73 | OK | |
r-release-macos-arm64 | 0.2.7 | 75.00 | OK | |||
r-release-macos-x86_64 | 0.2.7 | 138.00 | OK | |||
r-release-windows-x86_64 | 0.2.7 | 8.00 | 206.00 | 214.00 | OK | |
r-oldrel-macos-arm64 | 0.2.7 | 73.00 | OK | |||
r-oldrel-windows-x86_64 | 0.2.7 | 8.00 | 212.00 | 220.00 | OK |
Version: 0.2.7
Check: Rd files
Result: NOTE
checkRd: (-1) foreca.Rd:77: Lost braces in \itemize; \value handles \item{}{} directly
checkRd: (-1) foreca.Rd:78-80: Lost braces in \itemize; \value handles \item{}{} directly
checkRd: (-1) foreca.Rd:81-83: Lost braces in \itemize; \value handles \item{}{} directly
checkRd: (-1) foreca.Rd:84-87: Lost braces in \itemize; \value handles \item{}{} directly
checkRd: (-1) foreca.Rd:88-90: Lost braces in \itemize; \value handles \item{}{} directly
checkRd: (-1) foreca.Rd:91-92: Lost braces in \itemize; \value handles \item{}{} directly
checkRd: (-1) foreca.Rd:93: Lost braces in \itemize; \value handles \item{}{} directly
checkRd: (-1) initialize_weightvector.Rd:53-54: Lost braces in \itemize; meant \describe ?
checkRd: (-1) initialize_weightvector.Rd:55: Lost braces in \itemize; meant \describe ?
checkRd: (-1) initialize_weightvector.Rd:56: Lost braces in \itemize; meant \describe ?
checkRd: (-1) initialize_weightvector.Rd:57: Lost braces in \itemize; meant \describe ?
checkRd: (-1) initialize_weightvector.Rd:58: Lost braces in \itemize; meant \describe ?
checkRd: (-1) initialize_weightvector.Rd:59: Lost braces in \itemize; meant \describe ?
checkRd: (-1) initialize_weightvector.Rd:60-61: Lost braces in \itemize; meant \describe ?
checkRd: (-1) initialize_weightvector.Rd:62: Lost braces in \itemize; meant \describe ?
checkRd: (-1) initialize_weightvector.Rd:63: Lost braces in \itemize; meant \describe ?
checkRd: (-1) initialize_weightvector.Rd:64-65: Lost braces in \itemize; meant \describe ?
Flavors: r-devel-linux-x86_64-debian-clang, r-devel-linux-x86_64-debian-gcc, r-devel-linux-x86_64-fedora-clang, r-devel-linux-x86_64-fedora-gcc, r-prerel-macos-arm64, r-prerel-windows-x86_64, r-patched-linux-x86_64