Last updated on 2024-04-26 09:51:59 CEST.
Flavor | Version | Tinstall | Tcheck | Ttotal | Status | Flags |
---|---|---|---|---|---|---|
r-devel-linux-x86_64-debian-clang | 0.2.2 | 45.99 | 72.27 | 118.26 | OK | |
r-devel-linux-x86_64-debian-gcc | 0.2.2 | 33.55 | 51.00 | 84.55 | OK | |
r-devel-linux-x86_64-fedora-clang | 0.2.2 | 162.52 | NOTE | |||
r-devel-linux-x86_64-fedora-gcc | 0.2.2 | 163.53 | NOTE | |||
r-devel-windows-x86_64 | 0.2.2 | 36.00 | 85.00 | 121.00 | OK | |
r-patched-linux-x86_64 | 0.2.2 | 41.22 | 65.97 | 107.19 | OK | |
r-release-linux-x86_64 | 0.2.2 | 40.09 | 66.20 | 106.29 | OK | |
r-release-macos-arm64 | 0.2.2 | 40.00 | OK | |||
r-release-windows-x86_64 | 0.2.2 | 37.00 | 86.00 | 123.00 | OK | |
r-oldrel-macos-arm64 | 0.2.2 | 48.00 | OK | |||
r-oldrel-macos-x86_64 | 0.2.2 | 81.00 | OK | |||
r-oldrel-windows-x86_64 | 0.2.2 | 47.00 | 101.00 | 148.00 | OK |
Version: 0.2.2
Check: dependencies in R code
Result: NOTE
Namespaces in Imports field not imported from:
‘kableExtra’ ‘knitr’ ‘rmarkdown’
All declared Imports should be used.
Flavors: r-devel-linux-x86_64-fedora-clang, r-devel-linux-x86_64-fedora-gcc