Last updated on 2024-04-23 10:54:03 CEST.
Flavor | Version | Tinstall | Tcheck | Ttotal | Status | Flags |
---|---|---|---|---|---|---|
r-devel-linux-x86_64-debian-clang | 1.2.6 | 5.56 | 60.83 | 66.39 | OK | |
r-devel-linux-x86_64-debian-gcc | 1.2.6 | 4.57 | 44.72 | 49.29 | OK | |
r-devel-linux-x86_64-fedora-clang | 1.2.6 | 81.98 | NOTE | |||
r-devel-linux-x86_64-fedora-gcc | 1.2.6 | 80.16 | OK | |||
r-prerel-macos-arm64 | 1.2.6 | 26.00 | OK | |||
r-prerel-windows-x86_64 | 1.2.6 | 7.00 | 71.00 | 78.00 | OK | |
r-patched-linux-x86_64 | 1.2.6 | 7.68 | 55.98 | 63.66 | OK | |
r-release-linux-x86_64 | 1.2.6 | 6.81 | 59.20 | 66.01 | OK | |
r-release-macos-arm64 | 1.2.6 | 26.00 | OK | |||
r-release-macos-x86_64 | 1.2.6 | 48.00 | OK | |||
r-release-windows-x86_64 | 1.2.6 | 8.00 | 78.00 | 86.00 | OK | |
r-oldrel-macos-arm64 | 1.2.6 | 27.00 | OK | |||
r-oldrel-windows-x86_64 | 1.2.6 | 9.00 | 75.00 | 84.00 | OK |
Version: 1.2.6
Check: Rd cross-references
Result: NOTE
Undeclared package ‘Kendall’ in Rd xrefs
Flavor: r-devel-linux-x86_64-fedora-clang