CRAN Package Check Results for Package FamilyRank

Last updated on 2021-10-22 09:53:03 CEST.

Flavor Version Tinstall Tcheck Ttotal Status Flags
r-devel-linux-x86_64-debian-clang 1.0 31.35 30.34 61.69 NOTE
r-devel-linux-x86_64-debian-gcc 1.0 21.70 24.84 46.54 NOTE
r-devel-linux-x86_64-fedora-clang 1.0 94.93 NOTE
r-devel-linux-x86_64-fedora-gcc 1.0 78.22 NOTE
r-devel-windows-x86_64 1.0 39.00 62.00 101.00 NOTE
r-devel-windows-x86_64-gcc10-UCRT 1.0 NOTE
r-patched-linux-x86_64 1.0 28.77 29.64 58.41 NOTE
r-patched-solaris-x86 1.0 88.30 NOTE
r-release-linux-x86_64 1.0 26.02 29.58 55.60 NOTE
r-release-macos-arm64 1.0 NOTE
r-release-macos-x86_64 1.0 NOTE
r-release-windows-ix86+x86_64 1.0 53.00 81.00 134.00 NOTE
r-oldrel-macos-x86_64 1.0 OK
r-oldrel-windows-ix86+x86_64 1.0 77.00 84.00 161.00 OK

Check Details

Version: 1.0
Check: LazyData
Result: NOTE
     'LazyData' is specified without a 'data' directory
Flavors: r-devel-linux-x86_64-debian-clang, r-devel-linux-x86_64-debian-gcc, r-devel-linux-x86_64-fedora-clang, r-devel-linux-x86_64-fedora-gcc, r-devel-windows-x86_64, r-devel-windows-x86_64-gcc10-UCRT, r-patched-linux-x86_64, r-patched-solaris-x86, r-release-linux-x86_64, r-release-macos-arm64, r-release-macos-x86_64, r-release-windows-ix86+x86_64