CRAN Package Check Results for Package FactoClass

Last updated on 2021-10-20 09:55:07 CEST.

Flavor Version Tinstall Tcheck Ttotal Status Flags
r-devel-linux-x86_64-debian-clang 1.2.7 9.88 69.95 79.83 NOTE
r-devel-linux-x86_64-debian-gcc 1.2.7 7.30 52.77 60.07 NOTE
r-devel-linux-x86_64-fedora-clang 1.2.7 108.26 NOTE
r-devel-linux-x86_64-fedora-gcc 1.2.7 92.87 NOTE
r-devel-windows-x86_64 1.2.7 18.00 98.00 116.00 OK
r-devel-windows-x86_64-gcc10-UCRT 1.2.7 OK
r-patched-linux-x86_64 1.2.7 6.28 65.71 71.99 NOTE
r-patched-solaris-x86 1.2.7 133.60 NOTE
r-release-linux-x86_64 1.2.7 7.16 66.48 73.64 NOTE
r-release-macos-arm64 1.2.7 OK
r-release-macos-x86_64 1.2.7 OK
r-release-windows-ix86+x86_64 1.2.7 23.00 123.00 146.00 OK
r-oldrel-macos-x86_64 1.2.7 OK
r-oldrel-windows-ix86+x86_64 1.2.7 25.00 120.00 145.00 OK

Check Details

Version: 1.2.7
Check: for non-standard things in the check directory
Result: NOTE
    Found the following files/directories:
     'Bogota.tex' 'DogBreeds1.tex'
Flavors: r-devel-linux-x86_64-debian-clang, r-devel-linux-x86_64-debian-gcc, r-devel-linux-x86_64-fedora-clang, r-devel-linux-x86_64-fedora-gcc, r-patched-linux-x86_64, r-patched-solaris-x86, r-release-linux-x86_64