Last updated on 2024-03-28 10:49:34 CET.
Flavor | Version | Tinstall | Tcheck | Ttotal | Status | Flags |
---|---|---|---|---|---|---|
r-devel-linux-x86_64-debian-clang | 0.4-1 | 16.33 | 92.25 | 108.58 | NOTE | |
r-devel-linux-x86_64-debian-gcc | 0.4-1 | 11.03 | 67.33 | 78.36 | NOTE | |
r-devel-linux-x86_64-fedora-clang | 0.4-1 | 128.70 | NOTE | |||
r-devel-linux-x86_64-fedora-gcc | 0.4-1 | 124.44 | NOTE | |||
r-devel-windows-x86_64 | 0.4-1 | 13.00 | 86.00 | 99.00 | NOTE | |
r-patched-linux-x86_64 | 0.4-1 | 16.81 | 85.51 | 102.32 | NOTE | |
r-release-linux-x86_64 | 0.4-1 | 11.95 | 88.17 | 100.12 | NOTE | |
r-release-macos-arm64 | 0.4-1 | 38.00 | NOTE | |||
r-release-macos-x86_64 | 0.4-1 | 66.00 | NOTE | |||
r-release-windows-x86_64 | 0.4-1 | 17.00 | 106.00 | 123.00 | NOTE | |
r-oldrel-macos-arm64 | 0.4-1 | 36.00 | OK | |||
r-oldrel-windows-x86_64 | 0.4-1 | 19.00 | 104.00 | 123.00 | OK |
Version: 0.4-1
Check: Rd files
Result: NOTE
checkRd: (-1) MultiAsset.Rd:26: Escaped LaTeX specials: \&
Flavors: r-devel-linux-x86_64-debian-clang, r-devel-linux-x86_64-debian-gcc, r-devel-linux-x86_64-fedora-clang, r-devel-linux-x86_64-fedora-gcc, r-devel-windows-x86_64, r-patched-linux-x86_64, r-release-linux-x86_64, r-release-macos-arm64, r-release-macos-x86_64, r-release-windows-x86_64