CRAN Package Check Results for Package FMAdist

Last updated on 2021-10-21 09:54:51 CEST.

Flavor Version Tinstall Tcheck Ttotal Status Flags
r-devel-linux-x86_64-debian-clang 0.1.0 2.16 27.44 29.60 NOTE
r-devel-linux-x86_64-debian-gcc 0.1.0 2.05 22.08 24.13 NOTE
r-devel-linux-x86_64-fedora-clang 0.1.0 47.05 NOTE
r-devel-linux-x86_64-fedora-gcc 0.1.0 35.98 NOTE
r-devel-windows-x86_64 0.1.0 5.00 48.00 53.00 NOTE
r-devel-windows-x86_64-gcc10-UCRT 0.1.0 NOTE
r-patched-linux-x86_64 0.1.0 2.20 26.71 28.91 NOTE
r-patched-solaris-x86 0.1.0 58.50 NOTE
r-release-linux-x86_64 0.1.0 2.55 26.39 28.94 NOTE
r-release-macos-arm64 0.1.0 NOTE
r-release-macos-x86_64 0.1.0 NOTE
r-release-windows-ix86+x86_64 0.1.0 6.00 49.00 55.00 NOTE
r-oldrel-macos-x86_64 0.1.0 OK
r-oldrel-windows-ix86+x86_64 0.1.0 6.00 45.00 51.00 OK

Check Details

Version: 0.1.0
Check: LazyData
Result: NOTE
     'LazyData' is specified without a 'data' directory
Flavors: r-devel-linux-x86_64-debian-clang, r-devel-linux-x86_64-debian-gcc, r-devel-linux-x86_64-fedora-clang, r-devel-linux-x86_64-fedora-gcc, r-devel-windows-x86_64, r-devel-windows-x86_64-gcc10-UCRT, r-patched-linux-x86_64, r-patched-solaris-x86, r-release-linux-x86_64, r-release-macos-arm64, r-release-macos-x86_64, r-release-windows-ix86+x86_64